Last updated on 2025-10-31 00:50:56 CET.
| Flavor | Version | Tinstall | Tcheck | Ttotal | Status | Flags | 
|---|---|---|---|---|---|---|
| r-devel-linux-x86_64-debian-clang | 3.1.9 | 140.75 | 184.08 | 324.83 | OK | --no-tests | 
| r-devel-linux-x86_64-debian-gcc | 3.1.9 | 88.17 | 130.97 | 219.14 | OK | --no-tests | 
| r-devel-linux-x86_64-fedora-clang | 3.1.9 | 187.00 | 2401.03 | 2588.03 | OK | |
| r-devel-linux-x86_64-fedora-gcc | 3.1.9 | 160.00 | 2387.39 | 2547.39 | OK | |
| r-devel-windows-x86_64 | 3.1.9 | 168.00 | 317.00 | 485.00 | OK | |
| r-patched-linux-x86_64 | 3.1.9 | 140.56 | 172.12 | 312.68 | OK | --no-tests | 
| r-release-linux-x86_64 | 3.1.9 | 139.25 | 173.30 | 312.55 | OK | --no-tests | 
| r-release-macos-arm64 | 3.1.9 | 42.00 | 512.00 | 554.00 | OK | |
| r-release-macos-x86_64 | 3.1.9 | 60.00 | 779.00 | 839.00 | OK | |
| r-release-windows-x86_64 | 3.1.9 | 165.00 | 319.00 | 484.00 | OK | |
| r-oldrel-macos-arm64 | 3.1.9 | 41.00 | 519.00 | 560.00 | NOTE | |
| r-oldrel-macos-x86_64 | 3.1.9 | 56.00 | 777.00 | 833.00 | NOTE | |
| r-oldrel-windows-x86_64 | 3.1.9 | 195.00 | 416.00 | 611.00 | NOTE | 
Version: 3.1.9
Check: package dependencies
Result: NOTE
  Package suggested but not available for checking: ‘INLA’
Flavors: r-oldrel-macos-arm64, r-oldrel-macos-x86_64
Version: 3.1.9
Check: installed package size
Result: NOTE
    installed size is 13.3Mb
    sub-directories of 1Mb or more:
      data      1.0Mb
      extdata   2.9Mb
      libs      8.2Mb
Flavors: r-oldrel-macos-arm64, r-oldrel-macos-x86_64, r-oldrel-windows-x86_64