Last updated on 2025-10-31 00:50:57 CET.
| Flavor | Version | Tinstall | Tcheck | Ttotal | Status | Flags | 
|---|---|---|---|---|---|---|
| r-devel-linux-x86_64-debian-clang | 1.0.1 | 175.07 | 152.68 | 327.75 | OK | |
| r-devel-linux-x86_64-debian-gcc | 1.0.1 | 99.34 | 88.10 | 187.44 | OK | |
| r-devel-linux-x86_64-fedora-clang | 1.0.1 | 333.00 | 285.36 | 618.36 | OK | |
| r-devel-linux-x86_64-fedora-gcc | 1.0.1 | 323.00 | 203.79 | 526.79 | OK | |
| r-devel-windows-x86_64 | 1.0.1 | 205.00 | 175.00 | 380.00 | OK | |
| r-patched-linux-x86_64 | 1.0.1 | 170.72 | 138.59 | 309.31 | OK | |
| r-release-linux-x86_64 | 1.0.1 | 168.77 | 139.62 | 308.39 | OK | |
| r-release-macos-arm64 | 1.0.1 | 57.00 | 68.00 | 125.00 | OK | |
| r-release-macos-x86_64 | 1.0.1 | 49.00 | 141.00 | 190.00 | OK | |
| r-release-windows-x86_64 | 1.0.1 | 198.00 | 179.00 | 377.00 | OK | |
| r-oldrel-macos-arm64 | 1.0.1 | 48.00 | 78.00 | 126.00 | NOTE | |
| r-oldrel-macos-x86_64 | 1.0.1 | 48.00 | 147.00 | 195.00 | NOTE | |
| r-oldrel-windows-x86_64 | 1.0.1 | 234.00 | 228.00 | 462.00 | OK | 
Version: 1.0.1
Check: installed package size
Result: NOTE
    installed size is  7.2Mb
    sub-directories of 1Mb or more:
      libs   6.1Mb
Flavors: r-oldrel-macos-arm64, r-oldrel-macos-x86_64