Last updated on 2025-10-31 00:50:57 CET.
| Flavor | Version | Tinstall | Tcheck | Ttotal | Status | Flags | 
|---|---|---|---|---|---|---|
| r-devel-linux-x86_64-debian-clang | 1.0 | 34.26 | 296.48 | 330.74 | NOTE | |
| r-devel-linux-x86_64-debian-gcc | 1.0 | 22.57 | 210.68 | 233.25 | NOTE | |
| r-devel-linux-x86_64-fedora-clang | 1.0 | 181.00 | 371.27 | 552.27 | OK | |
| r-devel-linux-x86_64-fedora-gcc | 1.0 | 231.00 | 317.21 | 548.21 | OK | |
| r-devel-windows-x86_64 | 1.0 | 33.00 | 246.00 | 279.00 | OK | |
| r-patched-linux-x86_64 | 1.0 | 0.36 | 1.89 | 2.25 | ERROR | |
| r-release-linux-x86_64 | 1.0 | 31.51 | 281.59 | 313.10 | OK | |
| r-release-macos-arm64 | 1.0 | 15.00 | 134.00 | 149.00 | OK | |
| r-release-macos-x86_64 | 1.0 | 32.00 | 263.00 | 295.00 | OK | |
| r-release-windows-x86_64 | 1.0 | 33.00 | 250.00 | 283.00 | OK | |
| r-oldrel-macos-arm64 | 1.0 | 14.00 | 114.00 | 128.00 | OK | |
| r-oldrel-macos-x86_64 | 1.0 | 22.00 | 185.00 | 207.00 | OK | |
| r-oldrel-windows-x86_64 | 1.0 | 42.00 | 330.00 | 372.00 | OK | 
Version: 1.0
Check: CRAN incoming feasibility
Result: NOTE
  Maintainer: ‘Greg Gloor <ggloor@uwo.ca>’
  
  No Authors@R field in DESCRIPTION.
  Please add one, modifying
    Authors@R: person(given = "Greg",
                      family = "Gloor",
                      role = c("aut", "cre"),
                      email = "ggloor@uwo.ca")
  as necessary.
Flavors: r-devel-linux-x86_64-debian-clang, r-devel-linux-x86_64-debian-gcc
Version: 1.0
Check: package dependencies
Result: ERROR
  Package required but not available: ‘ALDEx2’
  
  See section ‘The DESCRIPTION file’ in the ‘Writing R Extensions’
  manual.
Flavor: r-patched-linux-x86_64