Last updated on 2025-10-31 00:51:20 CET.
| Flavor | Version | Tinstall | Tcheck | Ttotal | Status | Flags | 
|---|---|---|---|---|---|---|
| r-devel-linux-x86_64-debian-clang | 0.8.1 | 6.78 | 58.12 | 64.90 | NOTE | |
| r-devel-linux-x86_64-debian-gcc | 0.8.1 | 5.14 | 44.17 | 49.31 | NOTE | |
| r-devel-linux-x86_64-fedora-clang | 0.8.1 | 17.00 | 83.33 | 100.33 | OK | |
| r-devel-linux-x86_64-fedora-gcc | 0.8.1 | 18.00 | 78.54 | 96.54 | OK | |
| r-devel-windows-x86_64 | 0.8.1 | 8.00 | 66.00 | 74.00 | OK | |
| r-patched-linux-x86_64 | 0.8.1 | 7.04 | 55.23 | 62.27 | OK | |
| r-release-linux-x86_64 | 0.8.1 | 6.06 | 55.24 | 61.30 | OK | |
| r-release-macos-arm64 | 0.8.1 | 4.00 | 32.00 | 36.00 | OK | |
| r-release-macos-x86_64 | 0.8.1 | 8.00 | 65.00 | 73.00 | OK | |
| r-release-windows-x86_64 | 0.8.1 | 8.00 | 68.00 | 76.00 | OK | |
| r-oldrel-macos-arm64 | 0.8.1 | 4.00 | 30.00 | 34.00 | OK | |
| r-oldrel-macos-x86_64 | 0.8.1 | 5.00 | 40.00 | 45.00 | OK | |
| r-oldrel-windows-x86_64 | 0.8.1 | 10.00 | 82.00 | 92.00 | OK | 
Version: 0.8.1
Check: CRAN incoming feasibility
Result: NOTE
  Maintainer: ‘Tianchen Xu <tx2155@columbia.edu>’
  
  No Authors@R field in DESCRIPTION.
  Please add one, modifying
    Authors@R: c(person(given = "Tianchen",
                        family = "Xu",
                        role = c("aut", "cre"),
                        email = "tx2155@columbia.edu",
                        comment = c(ORCID = "0000-0002-0102-7630")),
                 person(given = c("Ryan", "T."),
                        family = "Demmer",
                        role = "aut"),
                 person(given = "Gen",
                        family = "Li",
                        role = "aut"))
  as necessary.
Flavors: r-devel-linux-x86_64-debian-clang, r-devel-linux-x86_64-debian-gcc