CRAN Package Check Results for Package XKCDdata

Last updated on 2025-02-22 00:50:05 CET.

Flavor Version Tinstall Tcheck Ttotal Status Flags
r-devel-linux-x86_64-debian-clang 0.1.0 3.99 33.39 37.38 OK
r-devel-linux-x86_64-debian-gcc 0.1.0 2.59 24.40 26.99 OK
r-devel-linux-x86_64-fedora-clang 0.1.0 57.74 NOTE
r-devel-linux-x86_64-fedora-gcc 0.1.0 55.11 NOTE
r-devel-macos-arm64 0.1.0 24.00 OK
r-devel-macos-x86_64 0.1.0 38.00 OK
r-devel-windows-x86_64 0.1.0 6.00 53.00 59.00 OK
r-patched-linux-x86_64 0.1.0 3.83 30.91 34.74 NOTE
r-release-linux-x86_64 0.1.0 3.54 30.63 34.17 NOTE
r-release-macos-arm64 0.1.0 23.00 NOTE
r-release-macos-x86_64 0.1.0 32.00 NOTE
r-release-windows-x86_64 0.1.0 6.00 51.00 57.00 NOTE
r-oldrel-macos-arm64 0.1.0 22.00 NOTE
r-oldrel-macos-x86_64 0.1.0 32.00 NOTE
r-oldrel-windows-x86_64 0.1.0 6.00 58.00 64.00 NOTE

Check Details

Version: 0.1.0
Check: dependencies in R code
Result: NOTE Namespace in Imports field not imported from: ‘tibble’ All declared Imports should be used. Flavors: r-devel-linux-x86_64-fedora-clang, r-devel-linux-x86_64-fedora-gcc

Version: 0.1.0
Check: LazyData
Result: NOTE 'LazyData' is specified without a 'data' directory Flavors: r-patched-linux-x86_64, r-release-linux-x86_64, r-release-macos-arm64, r-release-macos-x86_64, r-release-windows-x86_64, r-oldrel-macos-arm64, r-oldrel-macos-x86_64, r-oldrel-windows-x86_64