Last updated on 2025-10-31 00:51:19 CET.
| Flavor | Version | Tinstall | Tcheck | Ttotal | Status | Flags | 
|---|---|---|---|---|---|---|
| r-devel-linux-x86_64-debian-clang | 0.1.1 | 11.74 | 115.54 | 127.28 | NOTE | |
| r-devel-linux-x86_64-debian-gcc | 0.1.1 | 10.07 | 86.56 | 96.63 | NOTE | |
| r-devel-linux-x86_64-fedora-clang | 0.1.1 | 27.00 | 177.48 | 204.48 | OK | |
| r-devel-linux-x86_64-fedora-gcc | 0.1.1 | 32.00 | 161.15 | 193.15 | OK | |
| r-devel-windows-x86_64 | 0.1.1 | 16.00 | 109.00 | 125.00 | OK | |
| r-patched-linux-x86_64 | 0.1.1 | 13.18 | 108.73 | 121.91 | OK | |
| r-release-linux-x86_64 | 0.1.1 | 14.35 | 108.79 | 123.14 | OK | |
| r-release-macos-arm64 | 0.1.1 | 6.00 | 45.00 | 51.00 | OK | |
| r-release-macos-x86_64 | 0.1.1 | 11.00 | 81.00 | 92.00 | OK | |
| r-release-windows-x86_64 | 0.1.1 | 16.00 | 113.00 | 129.00 | OK | |
| r-oldrel-macos-arm64 | 0.1.1 | 6.00 | 43.00 | 49.00 | NOTE | |
| r-oldrel-macos-x86_64 | 0.1.1 | 7.00 | 58.00 | 65.00 | NOTE | |
| r-oldrel-windows-x86_64 | 0.1.1 | 21.00 | 147.00 | 168.00 | NOTE | 
Version: 0.1.1
Check: CRAN incoming feasibility
Result: NOTE
  Maintainer: ‘Dr. Ranjit Kumar Paul <ranjitstat@gmail.com>’
  
  No Authors@R field in DESCRIPTION.
  Please add one, modifying
    Authors@R: c(person(given = c("Dr.", "Ranjit", "Kumar"),
                        family = "Paul",
                        role = c("aut", "cre"),
                        email = "ranjitstat@gmail.com"),
                 person(given = "Sandipan",
                        family = "Samanta",
                        role = "aut"),
                 person(given = "Ankit",
                        family = "Tanwar",
                        role = "aut"))
  as necessary.
Flavors: r-devel-linux-x86_64-debian-clang, r-devel-linux-x86_64-debian-gcc
Version: 0.1.1
Check: LazyData
Result: NOTE
    'LazyData' is specified without a 'data' directory
Flavors: r-oldrel-macos-arm64, r-oldrel-macos-x86_64, r-oldrel-windows-x86_64