Last updated on 2025-10-31 00:51:19 CET.
| Flavor | Version | Tinstall | Tcheck | Ttotal | Status | Flags | 
|---|---|---|---|---|---|---|
| r-devel-linux-x86_64-debian-clang | 2.0.0 | 61.78 | 264.34 | 326.12 | OK | |
| r-devel-linux-x86_64-debian-gcc | 2.0.0 | 44.86 | 203.13 | 247.99 | OK | |
| r-devel-linux-x86_64-fedora-clang | 2.0.0 | 147.00 | 312.45 | 459.45 | OK | |
| r-devel-linux-x86_64-fedora-gcc | 2.0.0 | 132.00 | 331.03 | 463.03 | OK | |
| r-devel-windows-x86_64 | 2.0.0 | 70.00 | 217.00 | 287.00 | OK | |
| r-patched-linux-x86_64 | 2.0.0 | 65.07 | 217.23 | 282.30 | OK | |
| r-release-linux-x86_64 | 2.0.0 | 65.50 | 220.85 | 286.35 | OK | |
| r-release-macos-arm64 | 2.0.0 | 25.00 | 82.00 | 107.00 | OK | |
| r-release-macos-x86_64 | 2.0.0 | 33.00 | 207.00 | 240.00 | OK | |
| r-release-windows-x86_64 | 2.0.0 | 80.00 | 220.00 | 300.00 | OK | |
| r-oldrel-macos-arm64 | 2.0.0 | 25.00 | 85.00 | 110.00 | NOTE | |
| r-oldrel-macos-x86_64 | 2.0.0 | 35.00 | 197.00 | 232.00 | NOTE | |
| r-oldrel-windows-x86_64 | 2.0.0 | 92.00 | 286.00 | 378.00 | OK | 
Version: 2.0.0
Check: installed package size
Result: NOTE
    installed size is  6.0Mb
    sub-directories of 1Mb or more:
      doc    1.1Mb
      libs   4.0Mb
Flavors: r-oldrel-macos-arm64, r-oldrel-macos-x86_64