Last updated on 2025-10-31 00:51:19 CET.
| Flavor | Version | Tinstall | Tcheck | Ttotal | Status | Flags | 
|---|---|---|---|---|---|---|
| r-devel-linux-x86_64-debian-clang | 0.5.7 | 5.38 | 48.63 | 54.01 | NOTE | |
| r-devel-linux-x86_64-debian-gcc | 0.5.7 | 3.67 | 36.20 | 39.87 | NOTE | |
| r-devel-linux-x86_64-fedora-clang | 0.5.7 | 14.00 | 66.67 | 80.67 | OK | |
| r-devel-linux-x86_64-fedora-gcc | 0.5.7 | 13.00 | 64.71 | 77.71 | OK | |
| r-devel-windows-x86_64 | 0.5.7 | 8.00 | 64.00 | 72.00 | OK | |
| r-patched-linux-x86_64 | 0.5.7 | 5.61 | 43.23 | 48.84 | OK | |
| r-release-linux-x86_64 | 0.5.7 | 5.59 | 44.19 | 49.78 | OK | |
| r-release-macos-arm64 | 0.5.7 | 3.00 | 25.00 | 28.00 | OK | |
| r-release-macos-x86_64 | 0.5.7 | 5.00 | 40.00 | 45.00 | OK | |
| r-release-windows-x86_64 | 0.5.7 | 10.00 | 70.00 | 80.00 | OK | |
| r-oldrel-macos-arm64 | 0.5.7 | 3.00 | 26.00 | 29.00 | OK | |
| r-oldrel-macos-x86_64 | 0.5.7 | 4.00 | 39.00 | 43.00 | OK | |
| r-oldrel-windows-x86_64 | 0.5.7 | 10.00 | 79.00 | 89.00 | OK | 
Version: 0.5.7
Check: CRAN incoming feasibility
Result: NOTE
  Maintainer: ‘Bryan Gertzel <bryan.gertzel@anu.edu.au>’
  
  No Authors@R field in DESCRIPTION.
  Please add one, modifying
    Authors@R: c(person(given = "Bryan",
                        family = "Gertzel",
                        role = c("aut", "cre"),
                        email = "bryan.gertzel@anu.edu.au"),
                 person(given = "Robert",
                        family = "Ackland",
                        role = "aut"))
  as necessary.
Flavors: r-devel-linux-x86_64-debian-clang, r-devel-linux-x86_64-debian-gcc