Last updated on 2025-10-31 00:51:19 CET.
| Flavor | Version | Tinstall | Tcheck | Ttotal | Status | Flags | 
|---|---|---|---|---|---|---|
| r-devel-linux-x86_64-debian-clang | 0.1.2 | 1.95 | 28.03 | 29.98 | NOTE | |
| r-devel-linux-x86_64-debian-gcc | 0.1.2 | 1.66 | 22.67 | 24.33 | NOTE | |
| r-devel-linux-x86_64-fedora-clang | 0.1.2 | 43.84 | OK | |||
| r-devel-linux-x86_64-fedora-gcc | 0.1.2 | 43.50 | OK | |||
| r-devel-windows-x86_64 | 0.1.2 | 3.00 | 49.00 | 52.00 | OK | |
| r-patched-linux-x86_64 | 0.1.2 | 2.15 | 25.92 | 28.07 | OK | |
| r-release-linux-x86_64 | 0.1.2 | 1.81 | 26.44 | 28.25 | OK | |
| r-release-macos-arm64 | 0.1.2 | 1.00 | 19.00 | 20.00 | OK | |
| r-release-macos-x86_64 | 0.1.2 | 2.00 | 29.00 | 31.00 | OK | |
| r-release-windows-x86_64 | 0.1.2 | 4.00 | 52.00 | 56.00 | OK | |
| r-oldrel-macos-arm64 | 0.1.2 | 1.00 | 19.00 | 20.00 | NOTE | |
| r-oldrel-macos-x86_64 | 0.1.2 | 2.00 | 26.00 | 28.00 | NOTE | |
| r-oldrel-windows-x86_64 | 0.1.2 | 4.00 | 56.00 | 60.00 | NOTE | 
Version: 0.1.2
Check: CRAN incoming feasibility
Result: NOTE
  Maintainer: ‘Thomas B. Berrett <tom.berrett@warwick.ac.uk>’
  
  No Authors@R field in DESCRIPTION.
  Please add one, modifying
    Authors@R: c(person(given = c("Thomas", "B."),
                        family = "Berrett",
                        role = c("aut", "cre"),
                        email = "tom.berrett@warwick.ac.uk"),
                 person(given = "Ioannis",
                        family = "Kontoyiannis",
                        role = "aut",
                        email = "yiannis@maths.cam.ac.uk"),
                 person(given = c("Richard", "J."),
                        family = "Samworth",
                        role = "aut",
                        email = "r.samworth@statslab.cam.ac.uk"))
  as necessary.
  
  The Description field contains
    <arXiv:2001.05513>, and shown to be minimax rate optimal in a wide
  Please refer to arXiv e-prints via their arXiv DOI <doi:10.48550/arXiv.YYMM.NNNNN>.
Flavors: r-devel-linux-x86_64-debian-clang, r-devel-linux-x86_64-debian-gcc
Version: 0.1.2
Check: LazyData
Result: NOTE
    'LazyData' is specified without a 'data' directory
Flavors: r-oldrel-macos-arm64, r-oldrel-macos-x86_64, r-oldrel-windows-x86_64