Last updated on 2025-10-31 00:51:19 CET.
| Flavor | Version | Tinstall | Tcheck | Ttotal | Status | Flags | 
|---|---|---|---|---|---|---|
| r-devel-linux-x86_64-debian-clang | 1.5.4 | 8.24 | 87.10 | 95.34 | NOTE | |
| r-devel-linux-x86_64-debian-gcc | 1.5.4 | 6.59 | 61.44 | 68.03 | NOTE | |
| r-devel-linux-x86_64-fedora-clang | 1.5.4 | 22.00 | 130.55 | 152.55 | OK | |
| r-devel-linux-x86_64-fedora-gcc | 1.5.4 | 21.00 | 135.22 | 156.22 | OK | |
| r-devel-windows-x86_64 | 1.5.4 | 12.00 | 89.00 | 101.00 | OK | |
| r-patched-linux-x86_64 | 1.5.4 | 9.15 | 81.61 | 90.76 | OK | |
| r-release-linux-x86_64 | 1.5.4 | 7.61 | 82.32 | 89.93 | OK | |
| r-release-macos-arm64 | 1.5.4 | 4.00 | 37.00 | 41.00 | OK | |
| r-release-macos-x86_64 | 1.5.4 | 7.00 | 69.00 | 76.00 | OK | |
| r-release-windows-x86_64 | 1.5.4 | 12.00 | 93.00 | 105.00 | OK | |
| r-oldrel-macos-arm64 | 1.5.4 | 4.00 | 35.00 | 39.00 | OK | |
| r-oldrel-macos-x86_64 | 1.5.4 | 6.00 | 56.00 | 62.00 | OK | |
| r-oldrel-windows-x86_64 | 1.5.4 | 16.00 | 119.00 | 135.00 | OK | 
Version: 1.5.4
Check: CRAN incoming feasibility
Result: NOTE
  Maintainer: ‘Felix Schönbrodt <felix.schoenbrodt@psy.lmu.de>’
  
  No Authors@R field in DESCRIPTION.
  Please add one, modifying
    Authors@R: c(person(given = c("F.", "D."),
                        family = "Schönbrodt",
                        role = "aut"),
                 person(given = c("M.", "D."),
                        family = "Back",
                        role = "aut"),
                 person(given = c("S.", "C."),
                        family = "Schmukle",
                        role = "aut"),
                 person(given = "Felix",
                        family = "Schönbrodt",
                        role = "cre",
                        email = "felix.schoenbrodt@psy.lmu.de"))
  as necessary.
  
  Package CITATION file contains call(s) to old-style citEntry().  Please
  use bibentry() instead.
Flavors: r-devel-linux-x86_64-debian-clang, r-devel-linux-x86_64-debian-gcc