Last updated on 2025-10-31 00:51:19 CET.
| Flavor | Version | Tinstall | Tcheck | Ttotal | Status | Flags | 
|---|---|---|---|---|---|---|
| r-devel-linux-x86_64-debian-clang | 0.1.1 | 6.50 | 61.40 | 67.90 | NOTE | |
| r-devel-linux-x86_64-debian-gcc | 0.1.1 | 4.57 | 45.11 | 49.68 | NOTE | |
| r-devel-linux-x86_64-fedora-clang | 0.1.1 | 12.00 | 92.36 | 104.36 | NOTE | |
| r-devel-linux-x86_64-fedora-gcc | 0.1.1 | 12.00 | 87.65 | 99.65 | NOTE | |
| r-devel-windows-x86_64 | 0.1.1 | 8.00 | 76.00 | 84.00 | OK | |
| r-patched-linux-x86_64 | 0.1.1 | 6.53 | 58.61 | 65.14 | OK | |
| r-release-linux-x86_64 | 0.1.1 | 6.27 | 58.06 | 64.33 | OK | |
| r-release-macos-arm64 | 0.1.1 | 3.00 | 26.00 | 29.00 | OK | |
| r-release-macos-x86_64 | 0.1.1 | 6.00 | 49.00 | 55.00 | OK | |
| r-release-windows-x86_64 | 0.1.1 | 9.00 | 113.00 | 122.00 | OK | |
| r-oldrel-macos-arm64 | 0.1.1 | 3.00 | 27.00 | 30.00 | OK | |
| r-oldrel-macos-x86_64 | 0.1.1 | 4.00 | 40.00 | 44.00 | OK | |
| r-oldrel-windows-x86_64 | 0.1.1 | 11.00 | 88.00 | 99.00 | OK | 
Version: 0.1.1
Check: CRAN incoming feasibility
Result: NOTE
  Maintainer: ‘Wen Tian (Wendy) Wang <wtwang@sfu.ca>’
  
  No Authors@R field in DESCRIPTION.
  Please add one, modifying
    Authors@R: c(person(given = c("Wen", "Tian", "Wang,Lloyd"),
                        family = "Elliott",
                        role = "aut",
                        comment = "Wendy"),
                 person(given = c("Wen", "Tian"),
                        family = "Wang",
                        role = "cre",
                        email = "wtwang@sfu.ca",
                        comment = "Wendy"))
  as necessary.
Flavors: r-devel-linux-x86_64-debian-clang, r-devel-linux-x86_64-debian-gcc
Version: 0.1.1
Check: dependencies in R code
Result: NOTE
  Namespace in Imports field not imported from: ‘tree’
    All declared Imports should be used.
Flavors: r-devel-linux-x86_64-fedora-clang, r-devel-linux-x86_64-fedora-gcc