Last updated on 2025-10-31 00:51:18 CET.
| Flavor | Version | Tinstall | Tcheck | Ttotal | Status | Flags | 
|---|---|---|---|---|---|---|
| r-devel-linux-x86_64-debian-clang | 0.1.1.0 | 1.73 | 21.54 | 23.27 | NOTE | |
| r-devel-linux-x86_64-debian-gcc | 0.1.1.0 | 1.47 | 17.84 | 19.31 | NOTE | |
| r-devel-linux-x86_64-fedora-clang | 0.1.1.0 | 35.05 | NOTE | |||
| r-devel-linux-x86_64-fedora-gcc | 0.1.1.0 | 33.84 | NOTE | |||
| r-devel-windows-x86_64 | 0.1.1.0 | 3.00 | 39.00 | 42.00 | OK | |
| r-patched-linux-x86_64 | 0.1.1.0 | 1.82 | 20.60 | 22.42 | OK | |
| r-release-linux-x86_64 | 0.1.1.0 | 1.71 | 20.78 | 22.49 | OK | |
| r-release-macos-arm64 | 0.1.1.0 | 1.00 | 15.00 | 16.00 | OK | |
| r-release-macos-x86_64 | 0.1.1.0 | 2.00 | 23.00 | 25.00 | OK | |
| r-release-windows-x86_64 | 0.1.1.0 | 4.00 | 116.00 | 120.00 | OK | |
| r-oldrel-macos-arm64 | 0.1.1.0 | 1.00 | 15.00 | 16.00 | NOTE | |
| r-oldrel-macos-x86_64 | 0.1.1.0 | 2.00 | 29.00 | 31.00 | NOTE | |
| r-oldrel-windows-x86_64 | 0.1.1.0 | 4.00 | 45.00 | 49.00 | NOTE | 
Version: 0.1.1.0
Check: CRAN incoming feasibility
Result: NOTE
  Maintainer: ‘Gregory W. Schwartz <gsch@pennmedicine.upenn.edu>’
  
  No Authors@R field in DESCRIPTION.
  Please add one, modifying
    Authors@R: person(given = c("Gregory", "W."),
                      family = "Schwartz",
                      role = c("aut", "cre"),
                      email = "gsch@pennmedicine.upenn.edu")
  as necessary.
Flavors: r-devel-linux-x86_64-debian-clang, r-devel-linux-x86_64-debian-gcc
Version: 0.1.1.0
Check: dependencies in R code
Result: NOTE
  Namespaces in Imports field not imported from:
    ‘cowplot’ ‘ggplot2’ ‘jsonlite’
    All declared Imports should be used.
Flavors: r-devel-linux-x86_64-fedora-clang, r-devel-linux-x86_64-fedora-gcc
Version: 0.1.1.0
Check: LazyData
Result: NOTE
    'LazyData' is specified without a 'data' directory
Flavors: r-oldrel-macos-arm64, r-oldrel-macos-x86_64, r-oldrel-windows-x86_64