Last updated on 2025-10-31 00:51:18 CET.
| Flavor | Version | Tinstall | Tcheck | Ttotal | Status | Flags | 
|---|---|---|---|---|---|---|
| r-devel-linux-x86_64-debian-clang | 1.3.0 | 32.73 | 311.52 | 344.25 | OK | |
| r-devel-linux-x86_64-debian-gcc | 1.3.0 | 22.50 | 209.81 | 232.31 | OK | |
| r-devel-linux-x86_64-fedora-clang | 1.3.0 | 48.00 | 479.37 | 527.37 | OK | |
| r-devel-linux-x86_64-fedora-gcc | 1.3.0 | 58.00 | 486.43 | 544.43 | OK | |
| r-devel-windows-x86_64 | 1.3.0 | 39.00 | 389.00 | 428.00 | OK | |
| r-patched-linux-x86_64 | 1.3.0 | 33.30 | 289.41 | 322.71 | OK | |
| r-release-linux-x86_64 | 1.3.0 | 32.96 | 289.90 | 322.86 | OK | |
| r-release-macos-arm64 | 1.3.0 | 14.00 | 170.00 | 184.00 | OK | |
| r-release-macos-x86_64 | 1.3.0 | 17.00 | 402.00 | 419.00 | OK | |
| r-release-windows-x86_64 | 1.3.0 | 40.00 | 548.00 | 588.00 | OK | |
| r-oldrel-macos-arm64 | 1.3.0 | 12.00 | 166.00 | 178.00 | NOTE | |
| r-oldrel-macos-x86_64 | 1.3.0 | 22.00 | 457.00 | 479.00 | NOTE | |
| r-oldrel-windows-x86_64 | 1.3.0 | 48.00 | 484.00 | 532.00 | OK | 
Version: 1.3.0
Check: installed package size
Result: NOTE
    installed size is  5.5Mb
    sub-directories of 1Mb or more:
      doc    1.1Mb
      libs   3.7Mb
Flavors: r-oldrel-macos-arm64, r-oldrel-macos-x86_64