Last updated on 2025-10-31 00:51:18 CET.
| Flavor | Version | Tinstall | Tcheck | Ttotal | Status | Flags | 
|---|---|---|---|---|---|---|
| r-devel-linux-x86_64-debian-clang | 1.0.2 | 1.91 | 26.51 | 28.42 | NOTE | |
| r-devel-linux-x86_64-debian-gcc | 1.0.2 | 1.68 | 21.29 | 22.97 | NOTE | |
| r-devel-linux-x86_64-fedora-clang | 1.0.2 | 43.35 | OK | |||
| r-devel-linux-x86_64-fedora-gcc | 1.0.2 | 57.03 | OK | |||
| r-devel-windows-x86_64 | 1.0.2 | 3.00 | 46.00 | 49.00 | OK | |
| r-patched-linux-x86_64 | 1.0.2 | 1.94 | 24.86 | 26.80 | OK | |
| r-release-linux-x86_64 | 1.0.2 | 2.16 | 25.28 | 27.44 | OK | |
| r-release-macos-arm64 | 1.0.2 | 1.00 | 24.00 | 25.00 | OK | |
| r-release-macos-x86_64 | 1.0.2 | 2.00 | 37.00 | 39.00 | OK | |
| r-release-windows-x86_64 | 1.0.2 | 4.00 | 47.00 | 51.00 | OK | |
| r-oldrel-macos-arm64 | 1.0.2 | 1.00 | 21.00 | 22.00 | NOTE | |
| r-oldrel-macos-x86_64 | 1.0.2 | 2.00 | 33.00 | 35.00 | NOTE | |
| r-oldrel-windows-x86_64 | 1.0.2 | 4.00 | 54.00 | 58.00 | NOTE | 
Version: 1.0.2
Check: CRAN incoming feasibility
Result: NOTE
  Maintainer: ‘Merlin Kopfmann <mghncd+cran@posteo.jp>’
  
  No Authors@R field in DESCRIPTION.
  Please add one, modifying
    Authors@R: person(given = "Merlin",
                      family = "Kopfmann",
                      role = c("aut", "cre"),
                      email = "mghncd+cran@posteo.jp")
  as necessary.
Flavors: r-devel-linux-x86_64-debian-clang, r-devel-linux-x86_64-debian-gcc
Version: 1.0.2
Check: LazyData
Result: NOTE
    'LazyData' is specified without a 'data' directory
Flavors: r-oldrel-macos-arm64, r-oldrel-macos-x86_64, r-oldrel-windows-x86_64