Last updated on 2025-10-31 00:51:17 CET.
| Flavor | Version | Tinstall | Tcheck | Ttotal | Status | Flags | 
|---|---|---|---|---|---|---|
| r-devel-linux-x86_64-debian-clang | 0.2 | 34.76 | 314.10 | 348.86 | OK | |
| r-devel-linux-x86_64-debian-gcc | 0.2 | 25.62 | 225.53 | 251.15 | OK | |
| r-devel-linux-x86_64-fedora-clang | 0.2 | 75.00 | 448.95 | 523.95 | OK | |
| r-devel-linux-x86_64-fedora-gcc | 0.2 | 168.00 | 383.39 | 551.39 | OK | |
| r-devel-windows-x86_64 | 0.2 | 38.00 | 252.00 | 290.00 | OK | |
| r-patched-linux-x86_64 | 0.2 | 32.20 | 298.12 | 330.32 | OK | |
| r-release-linux-x86_64 | 0.2 | 31.80 | 301.38 | 333.18 | OK | |
| r-release-macos-arm64 | 0.2 | 5.00 | ERROR | |||
| r-release-macos-x86_64 | 0.2 | 8.00 | ERROR | |||
| r-release-windows-x86_64 | 0.2 | 37.00 | 263.00 | 300.00 | OK | |
| r-oldrel-macos-arm64 | 0.2 | 12.00 | ERROR | |||
| r-oldrel-macos-x86_64 | 0.2 | 38.00 | 210.00 | 248.00 | NOTE | |
| r-oldrel-windows-x86_64 | 0.2 | 47.00 | 343.00 | 390.00 | NOTE | 
Version: 0.2
Check: package dependencies
Result: ERROR
  Packages required but not available: 'org.Mm.eg.db', 'org.Hs.eg.db'
  
  See section ‘The DESCRIPTION file’ in the ‘Writing R Extensions’
  manual.
Flavor: r-release-macos-arm64
Version: 0.2
Check: package dependencies
Result: ERROR
  Package required but not available: ‘org.Mm.eg.db’
  
  See section ‘The DESCRIPTION file’ in the ‘Writing R Extensions’
  manual.
Flavors: r-release-macos-x86_64, r-oldrel-macos-arm64
Version: 0.2
Check: installed package size
Result: NOTE
    installed size is  8.7Mb
    sub-directories of 1Mb or more:
      doc       1.5Mb
      extdata   4.0Mb
      shiny     3.1Mb
Flavors: r-oldrel-macos-x86_64, r-oldrel-windows-x86_64