Last updated on 2025-10-31 00:51:17 CET.
| Flavor | Version | Tinstall | Tcheck | Ttotal | Status | Flags | 
|---|---|---|---|---|---|---|
| r-devel-linux-x86_64-debian-clang | 1.1.0 | 5.10 | 36.33 | 41.43 | NOTE | |
| r-devel-linux-x86_64-debian-gcc | 1.1.0 | 3.88 | 28.03 | 31.91 | NOTE | |
| r-devel-linux-x86_64-fedora-clang | 1.1.0 | 10.00 | 51.92 | 61.92 | NOTE | |
| r-devel-linux-x86_64-fedora-gcc | 1.1.0 | 11.00 | 63.16 | 74.16 | NOTE | |
| r-devel-windows-x86_64 | 1.1.0 | 9.00 | 54.00 | 63.00 | NOTE | |
| r-patched-linux-x86_64 | 1.1.0 | 5.24 | 34.58 | 39.82 | NOTE | |
| r-release-linux-x86_64 | 1.1.0 | 4.80 | 34.49 | 39.29 | NOTE | |
| r-release-macos-arm64 | 1.1.0 | 3.00 | 32.00 | 35.00 | NOTE | |
| r-release-macos-x86_64 | 1.1.0 | 7.00 | 46.00 | 53.00 | NOTE | |
| r-release-windows-x86_64 | 1.1.0 | 10.00 | 56.00 | 66.00 | NOTE | |
| r-oldrel-macos-arm64 | 1.1.0 | 3.00 | 25.00 | 28.00 | NOTE | |
| r-oldrel-macos-x86_64 | 1.1.0 | 4.00 | 40.00 | 44.00 | NOTE | |
| r-oldrel-windows-x86_64 | 1.1.0 | 10.00 | 63.00 | 73.00 | NOTE | 
Version: 1.1.0
Check: CRAN incoming feasibility
Result: NOTE
  Maintainer: ‘Minghui Wang <minghui.wang@mssm.edu>’
  
  No Authors@R field in DESCRIPTION.
  Please add one, modifying
    Authors@R: c(person(given = "Minghui",
                        family = "Wang",
                        role = c("aut", "cre"),
                        email = "minghui.wang@mssm.edu"),
                 person(given = "Yongzhong",
                        family = "Zhao",
                        role = "aut"),
                 person(given = "Bin",
                        family = "Zhang",
                        role = "aut"))
  as necessary.
Flavors: r-devel-linux-x86_64-debian-clang, r-devel-linux-x86_64-debian-gcc
Version: 1.1.0
Check: Rd files
Result: NOTE
  checkRd: (-1) plot.Rd:42: Lost braces; missing escapes or markup?
      42 |  \item{color.off}{color code; specifying the color for set(s) which are "{absent}" for an intersection.}
         |                                                                          ^
Flavors: r-devel-linux-x86_64-debian-clang, r-devel-linux-x86_64-debian-gcc, r-devel-linux-x86_64-fedora-clang, r-devel-linux-x86_64-fedora-gcc, r-devel-windows-x86_64, r-patched-linux-x86_64, r-release-linux-x86_64, r-release-macos-arm64, r-release-macos-x86_64, r-release-windows-x86_64, r-oldrel-macos-arm64, r-oldrel-macos-x86_64, r-oldrel-windows-x86_64