Last updated on 2025-10-31 00:51:17 CET.
| Flavor | Version | Tinstall | Tcheck | Ttotal | Status | Flags | 
|---|---|---|---|---|---|---|
| r-devel-linux-x86_64-debian-clang | 2.1.0 | 5.35 | 53.22 | 58.57 | NOTE | |
| r-devel-linux-x86_64-debian-gcc | 2.1.0 | 3.50 | 38.56 | 42.06 | NOTE | |
| r-devel-linux-x86_64-fedora-clang | 2.1.0 | 12.00 | 77.45 | 89.45 | OK | |
| r-devel-linux-x86_64-fedora-gcc | 2.1.0 | 12.00 | 74.43 | 86.43 | OK | |
| r-devel-windows-x86_64 | 2.1.0 | 6.00 | 71.00 | 77.00 | OK | |
| r-patched-linux-x86_64 | 2.1.0 | 5.69 | 50.61 | 56.30 | OK | |
| r-release-linux-x86_64 | 2.1.0 | 5.40 | 51.25 | 56.65 | OK | |
| r-release-macos-arm64 | 2.1.0 | 3.00 | 28.00 | 31.00 | OK | |
| r-release-macos-x86_64 | 2.1.0 | 5.00 | 50.00 | 55.00 | OK | |
| r-release-windows-x86_64 | 2.1.0 | 6.00 | 74.00 | 80.00 | OK | |
| r-oldrel-macos-arm64 | 2.1.0 | 2.00 | 24.00 | 26.00 | OK | |
| r-oldrel-macos-x86_64 | 2.1.0 | 3.00 | 39.00 | 42.00 | OK | |
| r-oldrel-windows-x86_64 | 2.1.0 | 8.00 | 83.00 | 91.00 | OK | 
Version: 2.1.0
Check: CRAN incoming feasibility
Result: NOTE
  Maintainer: ‘Sergio Garofalo <sergio.garofalo96@gmail.com>’
  
  No Authors@R field in DESCRIPTION.
  Please add one, modifying
    Authors@R: person(given = "Sergio",
                      family = "Garofalo",
                      role = c("aut", "cre"),
                      email = "sergio.garofalo96@gmail.com")
  as necessary.
Flavors: r-devel-linux-x86_64-debian-clang, r-devel-linux-x86_64-debian-gcc