Last updated on 2025-02-22 00:50:02 CET.
Flavor | Version | Tinstall | Tcheck | Ttotal | Status | Flags |
---|---|---|---|---|---|---|
r-devel-linux-x86_64-debian-clang | 0.9.2 | 2.23 | 23.15 | 25.38 | NOTE | |
r-devel-linux-x86_64-debian-gcc | 0.9.2 | 1.70 | 18.76 | 20.46 | NOTE | |
r-devel-linux-x86_64-fedora-clang | 0.9.2 | 42.60 | OK | |||
r-devel-linux-x86_64-fedora-gcc | 0.9.2 | 41.62 | OK | |||
r-devel-macos-arm64 | 0.9.2 | 20.00 | OK | |||
r-devel-macos-x86_64 | 0.9.2 | 30.00 | OK | |||
r-devel-windows-x86_64 | 0.9.2 | 3.00 | 51.00 | 54.00 | NOTE | |
r-patched-linux-x86_64 | 0.9.2 | 4.25 | 22.29 | 26.54 | OK | |
r-release-linux-x86_64 | 0.9.2 | 2.26 | 22.18 | 24.44 | OK | |
r-release-macos-arm64 | 0.9.2 | 18.00 | OK | |||
r-release-macos-x86_64 | 0.9.2 | 33.00 | OK | |||
r-release-windows-x86_64 | 0.9.2 | 4.00 | 50.00 | 54.00 | OK | |
r-oldrel-macos-arm64 | 0.9.2 | 21.00 | OK | |||
r-oldrel-macos-x86_64 | 0.9.2 | 33.00 | OK | |||
r-oldrel-windows-x86_64 | 0.9.2 | 4.00 | 55.00 | 59.00 | OK |
Version: 0.9.2
Check: Rd cross-references
Result: NOTE
Found the following Rd file(s) with Rd \link{} targets missing package
anchors:
Statamarkdown-package.rd: knitr-package
stata_engine.rd: knit_engines
Please provide package anchors for all Rd \link{} targets not in the
package itself and the base packages.
Flavors: r-devel-linux-x86_64-debian-clang, r-devel-linux-x86_64-debian-gcc, r-devel-windows-x86_64