Last updated on 2025-02-22 00:50:02 CET.
Flavor | Version | Tinstall | Tcheck | Ttotal | Status | Flags |
---|---|---|---|---|---|---|
r-devel-linux-x86_64-debian-clang | 2.32.10 | 31.72 | 420.03 | 451.75 | OK | |
r-devel-linux-x86_64-debian-gcc | 2.32.10 | 26.36 | 348.75 | 375.11 | OK | |
r-devel-linux-x86_64-fedora-clang | 2.32.10 | 812.57 | OK | |||
r-devel-linux-x86_64-fedora-gcc | 2.32.10 | 891.64 | OK | |||
r-devel-macos-arm64 | 2.32.10 | 166.00 | OK | |||
r-devel-macos-x86_64 | 2.32.10 | 410.00 | OK | |||
r-devel-windows-x86_64 | 2.32.10 | 69.00 | 639.00 | 708.00 | OK | |
r-patched-linux-x86_64 | 2.32.10 | 32.64 | 438.48 | 471.12 | NOTE | |
r-release-linux-x86_64 | 2.32.10 | 32.72 | 461.76 | 494.48 | NOTE | |
r-release-macos-arm64 | 2.32.10 | 98.00 | NOTE | |||
r-release-macos-x86_64 | 2.32.10 | 192.00 | NOTE | |||
r-release-windows-x86_64 | 2.32.10 | 73.00 | 618.00 | 691.00 | NOTE | |
r-oldrel-macos-arm64 | 2.32.10 | 193.00 | NOTE | |||
r-oldrel-macos-x86_64 | 2.32.10 | 391.00 | NOTE | |||
r-oldrel-windows-x86_64 | 2.32.10 | 76.00 | 792.00 | 868.00 | NOTE |
Version: 2.32.10
Check: for GNU extensions in Makefiles
Result: NOTE
GNU make is a SystemRequirements.
Flavors: r-patched-linux-x86_64, r-release-linux-x86_64, r-release-macos-arm64, r-release-macos-x86_64, r-release-windows-x86_64, r-oldrel-macos-arm64, r-oldrel-macos-x86_64, r-oldrel-windows-x86_64
Version: 2.32.10
Check: installed package size
Result: NOTE
installed size is 17.0Mb
sub-directories of 1Mb or more:
include 11.7Mb
lib 3.3Mb
Flavors: r-release-macos-arm64, r-release-macos-x86_64, r-release-windows-x86_64, r-oldrel-macos-arm64, r-oldrel-macos-x86_64, r-oldrel-windows-x86_64