Last updated on 2025-10-31 00:51:17 CET.
| Flavor | Version | Tinstall | Tcheck | Ttotal | Status | Flags | 
|---|---|---|---|---|---|---|
| r-devel-linux-x86_64-debian-clang | 3.1.1 | 10.60 | 23.85 | 34.45 | NOTE | |
| r-devel-linux-x86_64-debian-gcc | 3.1.1 | 7.52 | 19.44 | 26.96 | NOTE | |
| r-devel-linux-x86_64-fedora-clang | 3.1.1 | 21.00 | 37.38 | 58.38 | NOTE | |
| r-devel-linux-x86_64-fedora-gcc | 3.1.1 | 26.00 | 27.96 | 53.96 | NOTE | |
| r-devel-windows-x86_64 | 3.1.1 | 15.00 | 59.00 | 74.00 | NOTE | |
| r-patched-linux-x86_64 | 3.1.1 | 11.12 | 23.06 | 34.18 | NOTE | |
| r-release-linux-x86_64 | 3.1.1 | 10.58 | 22.87 | 33.45 | NOTE | |
| r-release-macos-arm64 | 3.1.1 | 7.00 | 17.00 | 24.00 | NOTE | |
| r-release-macos-x86_64 | 3.1.1 | 9.00 | 25.00 | 34.00 | NOTE | |
| r-release-windows-x86_64 | 3.1.1 | 16.00 | 58.00 | 74.00 | NOTE | |
| r-oldrel-macos-arm64 | 3.1.1 | 4.00 | 15.00 | 19.00 | NOTE | |
| r-oldrel-macos-x86_64 | 3.1.1 | 6.00 | 21.00 | 27.00 | NOTE | |
| r-oldrel-windows-x86_64 | 3.1.1 | 16.00 | 74.00 | 90.00 | NOTE | 
Version: 3.1.1
Check: CRAN incoming feasibility
Result: NOTE
  Maintainer: ‘Matthias Salvisberg <matthias.salvisberg@gmail.com>’
  
  No Authors@R field in DESCRIPTION.
  Please add one, modifying
    Authors@R: person(given = "Matthias",
                      family = "Salvisberg",
                      role = c("aut", "cre"),
                      email = "matthias.salvisberg@gmail.com")
  as necessary.
Flavors: r-devel-linux-x86_64-debian-clang, r-devel-linux-x86_64-debian-gcc
Version: 3.1.1
Check: C++ specification
Result: NOTE
    Specified C++11: please drop specification unless essential
Flavors: r-devel-linux-x86_64-debian-clang, r-devel-linux-x86_64-debian-gcc, r-devel-linux-x86_64-fedora-clang, r-devel-linux-x86_64-fedora-gcc, r-devel-windows-x86_64, r-patched-linux-x86_64, r-release-linux-x86_64, r-release-macos-arm64, r-release-macos-x86_64, r-release-windows-x86_64, r-oldrel-macos-arm64, r-oldrel-macos-x86_64, r-oldrel-windows-x86_64
Version: 3.1.1
Check: for GNU extensions in Makefiles
Result: NOTE
  GNU make is a SystemRequirements.
Flavors: r-oldrel-macos-arm64, r-oldrel-macos-x86_64, r-oldrel-windows-x86_64