Last updated on 2025-10-31 00:51:17 CET.
| Flavor | Version | Tinstall | Tcheck | Ttotal | Status | Flags | 
|---|---|---|---|---|---|---|
| r-devel-linux-x86_64-debian-clang | 1.0-4 | 6.63 | 54.66 | 61.29 | NOTE | |
| r-devel-linux-x86_64-debian-gcc | 1.0-4 | 4.86 | 42.03 | 46.89 | NOTE | |
| r-devel-linux-x86_64-fedora-clang | 1.0-4 | 16.00 | 79.02 | 95.02 | NOTE | |
| r-devel-linux-x86_64-fedora-gcc | 1.0-4 | 18.00 | 80.18 | 98.18 | NOTE | |
| r-devel-windows-x86_64 | 1.0-4 | 8.00 | 66.00 | 74.00 | NOTE | |
| r-patched-linux-x86_64 | 1.0-4 | 6.78 | 52.35 | 59.13 | NOTE | |
| r-release-linux-x86_64 | 1.0-4 | 6.82 | 52.22 | 59.04 | NOTE | |
| r-release-macos-arm64 | 1.0-4 | 4.00 | 31.00 | 35.00 | NOTE | |
| r-release-macos-x86_64 | 1.0-4 | 7.00 | 50.00 | 57.00 | NOTE | |
| r-release-windows-x86_64 | 1.0-4 | 8.00 | 67.00 | 75.00 | NOTE | |
| r-oldrel-macos-arm64 | 1.0-4 | 3.00 | 25.00 | 28.00 | NOTE | |
| r-oldrel-macos-x86_64 | 1.0-4 | 5.00 | 36.00 | 41.00 | NOTE | |
| r-oldrel-windows-x86_64 | 1.0-4 | 10.00 | 79.00 | 89.00 | NOTE | 
Version: 1.0-4
Check: CRAN incoming feasibility
Result: NOTE
  Maintainer: ‘Javier Garcia-Pintado <jgarciapintado@marum.de>’
  
  No Authors@R field in DESCRIPTION.
  Please add one, modifying
    Authors@R: person(given = "Javier",
                      family = "Garcia-Pintado",
                      role = c("aut", "cre"),
                      email = "jgarciapintado@marum.de")
  as necessary.
Flavors: r-devel-linux-x86_64-debian-clang, r-devel-linux-x86_64-debian-gcc
Version: 1.0-4
Check: Rd files
Result: NOTE
  checkRd: (-1) distSG.Rd:40: Lost braces; missing escapes or markup?
      40 |   matrix and weight matrix (plus a matrix with {eID} identifiers
         |                                                ^
Flavors: r-devel-linux-x86_64-debian-clang, r-devel-linux-x86_64-debian-gcc, r-devel-linux-x86_64-fedora-clang, r-devel-linux-x86_64-fedora-gcc, r-devel-windows-x86_64, r-patched-linux-x86_64, r-release-linux-x86_64, r-release-macos-arm64, r-release-macos-x86_64, r-release-windows-x86_64, r-oldrel-macos-arm64, r-oldrel-macos-x86_64, r-oldrel-windows-x86_64