Last updated on 2025-10-31 00:51:16 CET.
| Flavor | Version | Tinstall | Tcheck | Ttotal | Status | Flags | 
|---|---|---|---|---|---|---|
| r-devel-linux-x86_64-debian-clang | 0.4-2 | 3.30 | 43.60 | 46.90 | NOTE | |
| r-devel-linux-x86_64-debian-gcc | 0.4-2 | 2.55 | 32.48 | 35.03 | NOTE | |
| r-devel-linux-x86_64-fedora-clang | 0.4-2 | 72.92 | OK | |||
| r-devel-linux-x86_64-fedora-gcc | 0.4-2 | 74.86 | OK | |||
| r-devel-windows-x86_64 | 0.4-2 | 5.00 | 61.00 | 66.00 | OK | |
| r-patched-linux-x86_64 | 0.4-2 | 4.36 | 41.73 | 46.09 | OK | |
| r-release-linux-x86_64 | 0.4-2 | 3.50 | 41.42 | 44.92 | OK | |
| r-release-macos-arm64 | 0.4-2 | 2.00 | 25.00 | 27.00 | OK | |
| r-release-macos-x86_64 | 0.4-2 | 3.00 | 39.00 | 42.00 | OK | |
| r-release-windows-x86_64 | 0.4-2 | 6.00 | 64.00 | 70.00 | OK | |
| r-oldrel-macos-arm64 | 0.4-2 | 2.00 | 21.00 | 23.00 | OK | |
| r-oldrel-macos-x86_64 | 0.4-2 | 3.00 | 32.00 | 35.00 | OK | |
| r-oldrel-windows-x86_64 | 0.4-2 | 7.00 | 73.00 | 80.00 | OK | 
Version: 0.4-2
Check: CRAN incoming feasibility
Result: NOTE
  Maintainer: ‘David Scott <d.scott@auckland.ac.nz>’
  
  No Authors@R field in DESCRIPTION.
  Please add one, modifying
    Authors@R: c(person(given = "David",
                        family = "Scott",
                        role = c("aut", "cre"),
                        email = "d.scott@auckland.ac.nz"),
                 person(given = "Fiona",
                        family = "Grimson",
                        role = "aut"))
  as necessary.
Flavors: r-devel-linux-x86_64-debian-clang, r-devel-linux-x86_64-debian-gcc