Last updated on 2025-10-31 00:51:16 CET.
| Flavor | Version | Tinstall | Tcheck | Ttotal | Status | Flags | 
|---|---|---|---|---|---|---|
| r-devel-linux-x86_64-debian-clang | 1.4 | 2.66 | 24.27 | 26.93 | NOTE | |
| r-devel-linux-x86_64-debian-gcc | 1.4 | 1.95 | 18.32 | 20.27 | NOTE | |
| r-devel-linux-x86_64-fedora-clang | 1.4 | 39.29 | OK | |||
| r-devel-linux-x86_64-fedora-gcc | 1.4 | 39.82 | OK | |||
| r-devel-windows-x86_64 | 1.4 | 4.00 | 40.00 | 44.00 | OK | |
| r-patched-linux-x86_64 | 1.4 | 3.21 | 22.73 | 25.94 | OK | |
| r-release-linux-x86_64 | 1.4 | 2.59 | 22.58 | 25.17 | OK | |
| r-release-macos-arm64 | 1.4 | 1.00 | 16.00 | 17.00 | OK | |
| r-release-macos-x86_64 | 1.4 | 2.00 | 25.00 | 27.00 | OK | |
| r-release-windows-x86_64 | 1.4 | 3.00 | 42.00 | 45.00 | OK | |
| r-oldrel-macos-arm64 | 1.4 | 1.00 | 14.00 | 15.00 | OK | |
| r-oldrel-macos-x86_64 | 1.4 | 3.00 | 21.00 | 24.00 | OK | |
| r-oldrel-windows-x86_64 | 1.4 | 4.00 | 41.00 | 45.00 | OK | 
Version: 1.4
Check: CRAN incoming feasibility
Result: NOTE
  Maintainer: ‘Kevin Toohey <kevintoohey@live.com>’
  
  No Authors@R field in DESCRIPTION.
  Please add one, modifying
    Authors@R: person(given = "Kevin",
                      family = "Toohey",
                      role = c("aut", "cre"),
                      email = "kevintoohey@live.com")
  as necessary.
Flavors: r-devel-linux-x86_64-debian-clang, r-devel-linux-x86_64-debian-gcc