Last updated on 2025-10-31 00:51:16 CET.
| Flavor | Version | Tinstall | Tcheck | Ttotal | Status | Flags | 
|---|---|---|---|---|---|---|
| r-devel-linux-x86_64-debian-clang | 0.1.1 | 19.24 | 245.03 | 264.27 | NOTE | |
| r-devel-linux-x86_64-debian-gcc | 0.1.1 | 13.36 | 165.22 | 178.58 | NOTE | |
| r-devel-linux-x86_64-fedora-clang | 0.1.1 | 44.00 | 357.86 | 401.86 | NOTE | |
| r-devel-linux-x86_64-fedora-gcc | 0.1.1 | 44.00 | 379.76 | 423.76 | NOTE | |
| r-devel-windows-x86_64 | 0.1.1 | 21.00 | 197.00 | 218.00 | OK | |
| r-patched-linux-x86_64 | 0.1.1 | 19.59 | 231.59 | 251.18 | OK | |
| r-release-linux-x86_64 | 0.1.1 | 17.96 | 232.59 | 250.55 | OK | |
| r-release-macos-arm64 | 0.1.1 | 7.00 | 88.00 | 95.00 | OK | |
| r-release-macos-x86_64 | 0.1.1 | 12.00 | 153.00 | 165.00 | OK | |
| r-release-windows-x86_64 | 0.1.1 | 22.00 | 197.00 | 219.00 | OK | |
| r-oldrel-macos-arm64 | 0.1.1 | 7.00 | 83.00 | 90.00 | NOTE | |
| r-oldrel-macos-x86_64 | 0.1.1 | 11.00 | 135.00 | 146.00 | NOTE | |
| r-oldrel-windows-x86_64 | 0.1.1 | 30.00 | 269.00 | 299.00 | NOTE | 
Version: 0.1.1
Check: CRAN incoming feasibility
Result: NOTE
  Maintainer: ‘Allison Cynthia Fialkowski <allijazz@uab.edu>’
  
  No Authors@R field in DESCRIPTION.
  Please add one, modifying
    Authors@R: person(given = c("Allison", "Cynthia"),
                      family = "Fialkowski",
                      role = c("aut", "cre"),
                      email = "allijazz@uab.edu")
  as necessary.
  
  Found the following (possibly) invalid file URIs:
    URI: corr_bounds.html
      From: inst/doc/method_comp.html
    URI: variable_types
      From: inst/doc/workflow.html
    URI: errorloop.html
      From: inst/doc/workflow.html
  
  Found the following \keyword or \concept entries
  which likely give several index terms:
    File ‘intercorr_cont.Rd’:
      \keyword{Fleishman,}
      \keyword{continuous,}
      \keyword{correlation,}
Flavors: r-devel-linux-x86_64-debian-clang, r-devel-linux-x86_64-debian-gcc
Version: 0.1.1
Check: dependencies in R code
Result: NOTE
  Namespaces in Imports field not imported from:
    ‘MASS’ ‘grid’
    All declared Imports should be used.
Flavors: r-devel-linux-x86_64-fedora-clang, r-devel-linux-x86_64-fedora-gcc
Version: 0.1.1
Check: LazyData
Result: NOTE
    'LazyData' is specified without a 'data' directory
Flavors: r-oldrel-macos-arm64, r-oldrel-macos-x86_64, r-oldrel-windows-x86_64