Last updated on 2024-06-16 01:49:38 CEST.
Flavor | Version | Tinstall | Tcheck | Ttotal | Status | Flags |
---|---|---|---|---|---|---|
r-devel-linux-x86_64-debian-clang | 0.0.8 | 46.02 | 52.02 | 98.04 | OK | |
r-devel-linux-x86_64-debian-gcc | 0.0.8 | 26.55 | 38.98 | 65.53 | OK | |
r-devel-linux-x86_64-fedora-clang | 0.0.8 | 131.83 | OK | |||
r-devel-linux-x86_64-fedora-gcc | 0.0.8 | 134.11 | OK | |||
r-devel-windows-x86_64 | 0.0.8 | 34.00 | 85.00 | 119.00 | NOTE | |
r-patched-linux-x86_64 | 0.0.8 | 30.46 | 50.39 | 80.85 | OK | |
r-release-linux-x86_64 | 0.0.8 | 30.39 | 51.02 | 81.41 | OK | |
r-release-macos-arm64 | 0.0.8 | 41.00 | OK | |||
r-release-macos-x86_64 | 0.0.8 | 54.00 | OK | |||
r-release-windows-x86_64 | 0.0.8 | 35.00 | 89.00 | 124.00 | NOTE | |
r-oldrel-macos-arm64 | 0.0.8 | 43.00 | OK | |||
r-oldrel-macos-x86_64 | 0.0.8 | 66.00 | OK | |||
r-oldrel-windows-x86_64 | 0.0.8 | 43.00 | 96.00 | 139.00 | NOTE |
Version: 0.0.8
Check: package dependencies
Result: NOTE
Package suggested but not available for checking: 'doMC'
Flavors: r-devel-windows-x86_64, r-release-windows-x86_64, r-oldrel-windows-x86_64