Last updated on 2025-10-31 00:51:15 CET.
| Flavor | Version | Tinstall | Tcheck | Ttotal | Status | Flags | 
|---|---|---|---|---|---|---|
| r-devel-linux-x86_64-debian-clang | 1.4.6 | 8.41 | 85.62 | 94.03 | NOTE | |
| r-devel-linux-x86_64-debian-gcc | 1.4.6 | 6.02 | 53.16 | 59.18 | NOTE | |
| r-devel-linux-x86_64-fedora-clang | 1.4.6 | 19.00 | 127.81 | 146.81 | OK | |
| r-devel-linux-x86_64-fedora-gcc | 1.4.6 | 20.00 | 126.53 | 146.53 | OK | |
| r-devel-windows-x86_64 | 1.4.6 | 10.00 | 100.00 | 110.00 | OK | |
| r-patched-linux-x86_64 | 1.4.6 | 9.55 | 78.60 | 88.15 | OK | |
| r-release-linux-x86_64 | 1.4.6 | 9.78 | 79.73 | 89.51 | OK | |
| r-release-macos-arm64 | 1.4.6 | 4.00 | 31.00 | 35.00 | OK | |
| r-release-macos-x86_64 | 1.4.6 | 6.00 | 59.00 | 65.00 | OK | |
| r-release-windows-x86_64 | 1.4.6 | 10.00 | 105.00 | 115.00 | OK | |
| r-oldrel-macos-arm64 | 1.4.6 | 3.00 | 29.00 | 32.00 | OK | |
| r-oldrel-macos-x86_64 | 1.4.6 | 6.00 | 46.00 | 52.00 | OK | |
| r-oldrel-windows-x86_64 | 1.4.6 | 14.00 | 124.00 | 138.00 | OK | 
Version: 1.4.6
Check: CRAN incoming feasibility
Result: NOTE
  Maintainer: ‘Agnieszka Listwon-Krol <krol@lunenfeld.ca>’
  
  No Authors@R field in DESCRIPTION.
  Please add one, modifying
    Authors@R: c(person(given = "Agnieszka",
                        family = "Listwon-Krol",
                        role = c("aut", "cre"),
                        email = "krol@lunenfeld.ca"),
                 person(given = "Philippe",
                        family = "Saint-Pierre",
                        role = "aut"))
  as necessary.
  
  Package CITATION file contains call(s) to old-style personList() or
  as.personList().  Please use c() on person objects instead.
  Package CITATION file contains call(s) to old-style citEntry().  Please
  use bibentry() instead.
Flavors: r-devel-linux-x86_64-debian-clang, r-devel-linux-x86_64-debian-gcc