Last updated on 2025-10-31 00:51:15 CET.
| Flavor | Version | Tinstall | Tcheck | Ttotal | Status | Flags | 
|---|---|---|---|---|---|---|
| r-devel-linux-x86_64-debian-clang | 1.1.3 | 2.06 | 35.77 | 37.83 | NOTE | |
| r-devel-linux-x86_64-debian-gcc | 1.1.3 | 1.53 | 26.86 | 28.39 | NOTE | |
| r-devel-linux-x86_64-fedora-clang | 1.1.3 | 59.42 | NOTE | |||
| r-devel-linux-x86_64-fedora-gcc | 1.1.3 | 72.33 | NOTE | |||
| r-devel-windows-x86_64 | 1.1.3 | 3.00 | 50.00 | 53.00 | NOTE | |
| r-patched-linux-x86_64 | 1.1.3 | 2.06 | 34.09 | 36.15 | NOTE | |
| r-release-linux-x86_64 | 1.1.3 | 1.94 | 34.00 | 35.94 | NOTE | |
| r-release-macos-arm64 | 1.1.3 | 1.00 | 40.00 | 41.00 | NOTE | |
| r-release-macos-x86_64 | 1.1.3 | 2.00 | 46.00 | 48.00 | NOTE | |
| r-release-windows-x86_64 | 1.1.3 | 4.00 | 53.00 | 57.00 | NOTE | |
| r-oldrel-macos-arm64 | 1.1.3 | 1.00 | 26.00 | 27.00 | NOTE | |
| r-oldrel-macos-x86_64 | 1.1.3 | 2.00 | 36.00 | 38.00 | NOTE | |
| r-oldrel-windows-x86_64 | 1.1.3 | 4.00 | 62.00 | 66.00 | NOTE | 
Version: 1.1.3
Check: CRAN incoming feasibility
Result: NOTE
  Maintainer: ‘Jinhua Su <944866518@qq.com>’
  
  The Description field contains
    method<arXiv:2108.07928> is an improved method of two-step NR iteration
  Please refer to arXiv e-prints via their arXiv DOI <doi:10.48550/arXiv.YYMM.NNNNN>.
Flavors: r-devel-linux-x86_64-debian-clang, r-devel-linux-x86_64-debian-gcc
Version: 1.1.3
Check: package subdirectories
Result: NOTE
  Problems with news in ‘NEWS.md’:
  No news entries found.
Flavors: r-devel-linux-x86_64-debian-clang, r-devel-linux-x86_64-debian-gcc, r-devel-linux-x86_64-fedora-clang, r-devel-linux-x86_64-fedora-gcc, r-devel-windows-x86_64, r-patched-linux-x86_64, r-release-linux-x86_64, r-release-macos-arm64, r-release-macos-x86_64, r-release-windows-x86_64, r-oldrel-macos-arm64, r-oldrel-macos-x86_64, r-oldrel-windows-x86_64