Last updated on 2025-11-01 00:50:12 CET.
| Flavor | Version | Tinstall | Tcheck | Ttotal | Status | Flags |
|---|---|---|---|---|---|---|
| r-devel-linux-x86_64-debian-clang | 1.2.0 | 13.38 | 90.03 | 103.41 | OK | |
| r-devel-linux-x86_64-debian-gcc | 1.2.0 | 6.84 | 61.62 | 68.46 | OK | |
| r-devel-linux-x86_64-fedora-clang | 1.2.0 | 26.00 | 128.40 | 154.40 | OK | |
| r-devel-linux-x86_64-fedora-gcc | 1.2.0 | 23.00 | 124.10 | 147.10 | OK | |
| r-devel-windows-x86_64 | 1.2.0 | 16.00 | 105.00 | 121.00 | OK | |
| r-patched-linux-x86_64 | 1.2.0 | 11.99 | 79.25 | 91.24 | OK | |
| r-release-linux-x86_64 | 1.2.0 | 11.36 | 83.17 | 94.53 | OK | |
| r-release-macos-arm64 | 1.2.0 | 5.00 | 33.00 | 38.00 | OK | |
| r-release-macos-x86_64 | 1.2.0 | 10.00 | 61.00 | 71.00 | OK | |
| r-release-windows-x86_64 | 1.2.0 | 17.00 | 108.00 | 125.00 | OK | |
| r-oldrel-macos-arm64 | 1.2.0 | 5.00 | 31.00 | 36.00 | NOTE | |
| r-oldrel-macos-x86_64 | 1.2.0 | 13.00 | 83.00 | 96.00 | NOTE | |
| r-oldrel-windows-x86_64 | 1.2.0 | 22.00 | 139.00 | 161.00 | NOTE |
Version: 1.2.0
Check: installed package size
Result: NOTE
installed size is 19.3Mb
sub-directories of 1Mb or more:
extdata 18.0Mb
Flavors: r-oldrel-macos-arm64, r-oldrel-macos-x86_64, r-oldrel-windows-x86_64