Last updated on 2025-10-31 00:51:17 CET.
| Flavor | Version | Tinstall | Tcheck | Ttotal | Status | Flags | 
|---|---|---|---|---|---|---|
| r-devel-linux-x86_64-debian-clang | 0.4 | 1.95 | 31.47 | 33.42 | NOTE | |
| r-devel-linux-x86_64-debian-gcc | 0.4 | 1.68 | 24.89 | 26.57 | NOTE | |
| r-devel-linux-x86_64-fedora-clang | 0.4 | 50.85 | OK | |||
| r-devel-linux-x86_64-fedora-gcc | 0.4 | 47.59 | OK | |||
| r-devel-windows-x86_64 | 0.4 | 4.00 | 53.00 | 57.00 | OK | |
| r-patched-linux-x86_64 | 0.4 | 2.18 | 31.85 | 34.03 | OK | |
| r-release-linux-x86_64 | 0.4 | 2.12 | 30.48 | 32.60 | OK | |
| r-release-macos-arm64 | 0.4 | 1.00 | 19.00 | 20.00 | OK | |
| r-release-macos-x86_64 | 0.4 | 2.00 | 30.00 | 32.00 | OK | |
| r-release-windows-x86_64 | 0.4 | 4.00 | 53.00 | 57.00 | OK | |
| r-oldrel-macos-arm64 | 0.4 | 1.00 | 18.00 | 19.00 | OK | |
| r-oldrel-macos-x86_64 | 0.4 | 2.00 | 25.00 | 27.00 | OK | |
| r-oldrel-windows-x86_64 | 0.4 | 3.00 | 61.00 | 64.00 | OK | 
Version: 0.4
Check: CRAN incoming feasibility
Result: NOTE
  Maintainer: ‘Milana Gataric <m.gataric@statslab.cam.ac.uk>’
  
  No Authors@R field in DESCRIPTION.
  Please add one, modifying
    Authors@R: c(person(given = "Milana",
                        family = "Gataric",
                        role = c("aut", "cre"),
                        email = "m.gataric@statslab.cam.ac.uk"),
                 person(given = "Tengyao",
                        family = "Wang",
                        role = "aut"),
                 person(given = c("Richard", "J."),
                        family = "Samworth",
                        role = "aut"))
  as necessary.
  
  The Description field contains
    T. and Samworth, R. J. (2018) <arXiv:1712.05630>. The algorithm is
  Please refer to arXiv e-prints via their arXiv DOI <doi:10.48550/arXiv.YYMM.NNNNN>.
Flavors: r-devel-linux-x86_64-debian-clang, r-devel-linux-x86_64-debian-gcc