Last updated on 2024-08-25 02:48:34 CEST.
Flavor | Version | Tinstall | Tcheck | Ttotal | Status | Flags |
---|---|---|---|---|---|---|
r-devel-linux-x86_64-debian-clang | 0.0.5 | 17.82 | 143.99 | 161.81 | NOTE | |
r-devel-linux-x86_64-debian-gcc | 0.0.5 | 13.25 | 104.49 | 117.74 | NOTE | |
r-devel-linux-x86_64-fedora-clang | 0.0.5 | 265.37 | NOTE | |||
r-devel-linux-x86_64-fedora-gcc | 0.0.5 | 244.89 | NOTE | |||
r-devel-windows-x86_64 | 0.0.5 | 19.00 | 137.00 | 156.00 | NOTE | |
r-patched-linux-x86_64 | 0.0.5 | 17.08 | 135.46 | 152.54 | NOTE | |
r-release-linux-x86_64 | 0.0.5 | 14.84 | 136.13 | 150.97 | NOTE | |
r-release-macos-arm64 | 0.0.5 | 66.00 | NOTE | |||
r-release-macos-x86_64 | 0.0.5 | 105.00 | NOTE | |||
r-release-windows-x86_64 | 0.0.5 | 20.00 | 136.00 | 156.00 | NOTE | |
r-oldrel-macos-arm64 | 0.0.5 | 72.00 | NOTE | |||
r-oldrel-macos-x86_64 | 0.0.5 | 123.00 | NOTE | |||
r-oldrel-windows-x86_64 | 0.0.5 | 27.00 | 176.00 | 203.00 | NOTE |
Version: 0.0.5
Check: LazyData
Result: NOTE
'LazyData' is specified without a 'data' directory
Flavors: r-devel-linux-x86_64-debian-clang, r-devel-linux-x86_64-debian-gcc, r-devel-linux-x86_64-fedora-clang, r-devel-linux-x86_64-fedora-gcc, r-devel-windows-x86_64, r-patched-linux-x86_64, r-release-linux-x86_64, r-release-macos-arm64, r-release-macos-x86_64, r-release-windows-x86_64, r-oldrel-macos-arm64, r-oldrel-macos-x86_64, r-oldrel-windows-x86_64