Last updated on 2025-10-31 00:51:16 CET.
| Flavor | Version | Tinstall | Tcheck | Ttotal | Status | Flags | 
|---|---|---|---|---|---|---|
| r-devel-linux-x86_64-debian-clang | 2.2.5 | 31.45 | 177.51 | 208.96 | NOTE | |
| r-devel-linux-x86_64-debian-gcc | 2.2.5 | 20.68 | 126.17 | 146.85 | NOTE | |
| r-devel-linux-x86_64-fedora-clang | 2.2.5 | 87.00 | 262.03 | 349.03 | OK | |
| r-devel-linux-x86_64-fedora-gcc | 2.2.5 | 64.00 | 278.88 | 342.88 | OK | |
| r-devel-windows-x86_64 | 2.2.5 | 38.00 | 218.00 | 256.00 | OK | |
| r-patched-linux-x86_64 | 2.2.5 | 29.53 | 177.23 | 206.76 | OK | |
| r-release-linux-x86_64 | 2.2.5 | 27.84 | 179.81 | 207.65 | OK | |
| r-release-macos-arm64 | 2.2.5 | 13.00 | 94.00 | 107.00 | OK | |
| r-release-macos-x86_64 | 2.2.5 | 21.00 | 194.00 | 215.00 | OK | |
| r-release-windows-x86_64 | 2.2.5 | 38.00 | 218.00 | 256.00 | OK | |
| r-oldrel-macos-arm64 | 2.2.5 | 13.00 | 84.00 | 97.00 | OK | |
| r-oldrel-macos-x86_64 | 2.2.5 | 15.00 | 151.00 | 166.00 | OK | |
| r-oldrel-windows-x86_64 | 2.2.5 | 48.00 | 258.00 | 306.00 | OK | 
Version: 2.2.5
Check: CRAN incoming feasibility
Result: NOTE
  Maintainer: ‘Seunggeun (Shawn) Lee <lee7801@snu.ac.kr>’
  
  No Authors@R field in DESCRIPTION.
  Please add one, modifying
    Authors@R: c(person(given = "Seunggeun",
                        family = "Lee",
                        role = "aut",
                        comment = "Shawn"),
                 person(given = "Zhangchen",
                        family = "Zhao",
                        role = "aut"),
                 person(given = c("with", "contributions", "from", "Larisa"),
                        family = "Miropolsky",
                        role = "aut"),
                 person(given = "Michael",
                        family = "Wu",
                        role = "aut"),
                 person(given = "Seunggeun",
                        family = "Lee",
                        role = "cre",
                        email = "lee7801@snu.ac.kr",
                        comment = "Shawn"))
  as necessary.
Flavors: r-devel-linux-x86_64-debian-clang, r-devel-linux-x86_64-debian-gcc