Last updated on 2025-10-31 00:51:16 CET.
| Flavor | Version | Tinstall | Tcheck | Ttotal | Status | Flags | 
|---|---|---|---|---|---|---|
| r-devel-linux-x86_64-debian-clang | 1.1.0 | 28.63 | 61.93 | 90.56 | NOTE | |
| r-devel-linux-x86_64-debian-gcc | 1.1.0 | 18.17 | 49.69 | 67.86 | NOTE | |
| r-devel-linux-x86_64-fedora-clang | 1.1.0 | 68.00 | 80.92 | 148.92 | OK | |
| r-devel-linux-x86_64-fedora-gcc | 1.1.0 | 58.00 | 97.91 | 155.91 | OK | |
| r-devel-windows-x86_64 | 1.1.0 | 32.00 | 96.00 | 128.00 | OK | |
| r-patched-linux-x86_64 | 1.1.0 | 27.68 | 59.29 | 86.97 | OK | |
| r-release-linux-x86_64 | 1.1.0 | 27.86 | 58.91 | 86.77 | OK | |
| r-release-macos-arm64 | 1.1.0 | 12.00 | 50.00 | 62.00 | OK | |
| r-release-macos-x86_64 | 1.1.0 | 12.00 | 94.00 | 106.00 | OK | |
| r-release-windows-x86_64 | 1.1.0 | 36.00 | 95.00 | 131.00 | OK | |
| r-oldrel-macos-arm64 | 1.1.0 | 15.00 | 65.00 | 80.00 | OK | |
| r-oldrel-macos-x86_64 | 1.1.0 | 13.00 | 85.00 | 98.00 | OK | |
| r-oldrel-windows-x86_64 | 1.1.0 | 33.00 | 118.00 | 151.00 | OK | 
Version: 1.1.0
Check: CRAN incoming feasibility
Result: NOTE
  Maintainer: ‘Phillip B. Nicol <philnicol740@gmail.com>’
  
  No Authors@R field in DESCRIPTION.
  Please add one, modifying
    Authors@R: person(given = c("Phillip", "B."),
                      family = "Nicol",
                      role = c("aut", "cre"),
                      email = "philnicol740@gmail.com")
  as necessary.
Flavors: r-devel-linux-x86_64-debian-clang, r-devel-linux-x86_64-debian-gcc