Last updated on 2025-10-31 00:51:14 CET.
| Flavor | Version | Tinstall | Tcheck | Ttotal | Status | Flags | 
|---|---|---|---|---|---|---|
| r-devel-linux-x86_64-debian-clang | 2.0 | 2.58 | 28.89 | 31.47 | NOTE | |
| r-devel-linux-x86_64-debian-gcc | 2.0 | 1.96 | 23.03 | 24.99 | NOTE | |
| r-devel-linux-x86_64-fedora-clang | 2.0 | 48.52 | OK | |||
| r-devel-linux-x86_64-fedora-gcc | 2.0 | 45.38 | OK | |||
| r-devel-windows-x86_64 | 2.0 | 4.00 | 48.00 | 52.00 | OK | |
| r-patched-linux-x86_64 | 2.0 | 3.09 | 27.65 | 30.74 | OK | |
| r-release-linux-x86_64 | 2.0 | 2.59 | 27.55 | 30.14 | OK | |
| r-release-macos-arm64 | 2.0 | 2.00 | 19.00 | 21.00 | OK | |
| r-release-macos-x86_64 | 2.0 | 3.00 | 50.00 | 53.00 | OK | |
| r-release-windows-x86_64 | 2.0 | 5.00 | 51.00 | 56.00 | OK | |
| r-oldrel-macos-arm64 | 2.0 | 2.00 | 17.00 | 19.00 | OK | |
| r-oldrel-macos-x86_64 | 2.0 | 2.00 | 26.00 | 28.00 | OK | |
| r-oldrel-windows-x86_64 | 2.0 | 5.00 | 57.00 | 62.00 | OK | 
Version: 2.0
Check: CRAN incoming feasibility
Result: NOTE
  Maintainer: ‘Ray Bai <raybaistat@gmail.com>’
  
  No Authors@R field in DESCRIPTION.
  Please add one, modifying
    Authors@R: person(given = "Ray",
                      family = "Bai",
                      role = c("aut", "cre"),
                      email = "raybaistat@gmail.com")
  as necessary.
  
  The Description field contains
    (2020) <arXiv:2005.02930> for correcting and quantifying publication
  Please refer to arXiv e-prints via their arXiv DOI <doi:10.48550/arXiv.YYMM.NNNNN>.
Flavors: r-devel-linux-x86_64-debian-clang, r-devel-linux-x86_64-debian-gcc