Last updated on 2024-05-23 01:58:08 CEST.
Flavor | Version | Tinstall | Tcheck | Ttotal | Status | Flags |
---|---|---|---|---|---|---|
r-devel-linux-x86_64-debian-clang | 1.2.5 | 46.21 | 213.89 | 260.10 | OK | |
r-devel-linux-x86_64-debian-gcc | 1.2.5 | 36.97 | 152.79 | 189.76 | OK | |
r-devel-linux-x86_64-fedora-clang | 1.2.5 | 320.61 | OK | |||
r-devel-linux-x86_64-fedora-gcc | 1.2.5 | 304.76 | OK | |||
r-devel-windows-x86_64 | 1.2.5 | 36.00 | 166.00 | 202.00 | OK | |
r-patched-linux-x86_64 | 1.2.5 | 49.06 | 201.10 | 250.16 | OK | |
r-release-linux-x86_64 | 1.2.5 | 35.85 | 202.13 | 237.98 | OK | |
r-release-macos-arm64 | 1.2.5 | 67.00 | OK | |||
r-release-macos-x86_64 | 1.2.5 | 200.00 | NOTE | |||
r-release-windows-x86_64 | 1.2.5 | 36.00 | 173.00 | 209.00 | OK | |
r-oldrel-macos-arm64 | 1.2.5 | 87.00 | OK | |||
r-oldrel-macos-x86_64 | 1.2.5 | 163.00 | OK | |||
r-oldrel-windows-x86_64 | 1.2.5 | 48.00 | 209.00 | 257.00 | OK |
Version: 1.2.5
Check: package dependencies
Result: NOTE
Package suggested but not available for checking: ‘ROptEst’
Flavor: r-release-macos-x86_64
Version: 1.2.5
Check: Rd cross-references
Result: NOTE
Unknown package ‘ROptEst’ in Rd xrefs
Flavor: r-release-macos-x86_64