Last updated on 2025-10-31 00:51:14 CET.
| Flavor | Version | Tinstall | Tcheck | Ttotal | Status | Flags | 
|---|---|---|---|---|---|---|
| r-devel-linux-x86_64-debian-clang | 0.1.6 | 12.10 | 99.83 | 111.93 | OK | |
| r-devel-linux-x86_64-debian-gcc | 0.1.6 | 7.95 | 68.28 | 76.23 | ERROR | |
| r-devel-linux-x86_64-fedora-clang | 0.1.6 | 26.00 | 153.61 | 179.61 | OK | |
| r-devel-linux-x86_64-fedora-gcc | 0.1.6 | 32.00 | 160.26 | 192.26 | OK | |
| r-devel-windows-x86_64 | 0.1.6 | 13.00 | 103.00 | 116.00 | OK | |
| r-patched-linux-x86_64 | 0.1.6 | 11.57 | 94.14 | 105.71 | OK | |
| r-release-linux-x86_64 | 0.1.6 | 10.43 | 92.67 | 103.10 | OK | |
| r-release-macos-arm64 | 0.1.6 | 5.00 | 54.00 | 59.00 | OK | |
| r-release-macos-x86_64 | 0.1.6 | 10.00 | 185.00 | 195.00 | OK | |
| r-release-windows-x86_64 | 0.1.6 | 14.00 | 106.00 | 120.00 | OK | |
| r-oldrel-macos-arm64 | 0.1.6 | 5.00 | 63.00 | 68.00 | OK | |
| r-oldrel-macos-x86_64 | 0.1.6 | 9.00 | 91.00 | 100.00 | OK | |
| r-oldrel-windows-x86_64 | 0.1.6 | 17.00 | 128.00 | 145.00 | OK | 
Version: 0.1.6
Check: re-building of vignette outputs
Result: ERROR
  Error(s) in re-building vignettes:
    ...
  --- re-building ‘my-vignette.Rmd’ using rmarkdown
  
  Quitting from my-vignette.Rmd:23-39 [setup]
  ~~~~~~~~~~~~~~~~~~~~~~~~~~~~~~~~~~~~~~~~~~~~~~~~~~~~~~~~~~~~~~~~~~~~~~~~~~~~~~~~
  <error/rlang_error>
  Error in `if (...) NULL`:
  ! argument is of length zero
  ---
  Backtrace:
      ▆
   1. └─RivRetrieve::usa(site = siteNumber, variable = "discharge")
  ~~~~~~~~~~~~~~~~~~~~~~~~~~~~~~~~~~~~~~~~~~~~~~~~~~~~~~~~~~~~~~~~~~~~~~~~~~~~~~~~
  
  Error: processing vignette 'my-vignette.Rmd' failed with diagnostics:
  argument is of length zero
  --- failed re-building ‘my-vignette.Rmd’
  
  SUMMARY: processing the following file failed:
    ‘my-vignette.Rmd’
  
  Error: Vignette re-building failed.
  Execution halted
Flavor: r-devel-linux-x86_64-debian-gcc