Last updated on 2025-10-31 00:51:13 CET.
| Flavor | Version | Tinstall | Tcheck | Ttotal | Status | Flags | 
|---|---|---|---|---|---|---|
| r-devel-linux-x86_64-debian-clang | 1.1.1 | 8.47 | 88.31 | 96.78 | NOTE | |
| r-devel-linux-x86_64-debian-gcc | 1.1.1 | 5.69 | 61.42 | 67.11 | NOTE | |
| r-devel-linux-x86_64-fedora-clang | 1.1.1 | 16.00 | 134.26 | 150.26 | OK | |
| r-devel-linux-x86_64-fedora-gcc | 1.1.1 | 18.00 | 139.52 | 157.52 | OK | |
| r-devel-windows-x86_64 | 1.1.1 | 11.00 | 98.00 | 109.00 | OK | |
| r-patched-linux-x86_64 | 1.1.1 | 7.73 | 83.08 | 90.81 | OK | |
| r-release-linux-x86_64 | 1.1.1 | 6.71 | 82.52 | 89.23 | OK | |
| r-release-macos-arm64 | 1.1.1 | 4.00 | 39.00 | 43.00 | OK | |
| r-release-macos-x86_64 | 1.1.1 | 7.00 | 72.00 | 79.00 | OK | |
| r-release-windows-x86_64 | 1.1.1 | 14.00 | 99.00 | 113.00 | OK | |
| r-oldrel-macos-arm64 | 1.1.1 | 4.00 | 41.00 | 45.00 | OK | |
| r-oldrel-macos-x86_64 | 1.1.1 | 6.00 | 58.00 | 64.00 | OK | |
| r-oldrel-windows-x86_64 | 1.1.1 | 14.00 | 124.00 | 138.00 | OK | 
Version: 1.1.1
Check: CRAN incoming feasibility
Result: NOTE
  Maintainer: ‘Dzmitry G Batrakou <d.batrakou@gmail.com>’
  
  No Authors@R field in DESCRIPTION.
  Please add one, modifying
    Authors@R: person(given = c("Dzmitry", "G"),
                      family = "Batrakou",
                      role = c("aut", "cre"),
                      email = "d.batrakou@gmail.com")
  as necessary.
Flavors: r-devel-linux-x86_64-debian-clang, r-devel-linux-x86_64-debian-gcc