Last updated on 2025-10-31 00:51:13 CET.
| Flavor | Version | Tinstall | Tcheck | Ttotal | Status | Flags | 
|---|---|---|---|---|---|---|
| r-devel-linux-x86_64-debian-clang | 1.2.0 | 9.48 | 85.17 | 94.65 | NOTE | |
| r-devel-linux-x86_64-debian-gcc | 1.2.0 | 5.82 | 61.43 | 67.25 | NOTE | |
| r-devel-linux-x86_64-fedora-clang | 1.2.0 | 18.00 | 123.78 | 141.78 | OK | |
| r-devel-linux-x86_64-fedora-gcc | 1.2.0 | 18.00 | 116.23 | 134.23 | OK | |
| r-devel-windows-x86_64 | 1.2.0 | 11.00 | 85.00 | 96.00 | OK | |
| r-patched-linux-x86_64 | 1.2.0 | 8.68 | 79.67 | 88.35 | OK | |
| r-release-linux-x86_64 | 1.2.0 | 8.12 | 79.64 | 87.76 | OK | |
| r-release-macos-arm64 | 1.2.0 | 4.00 | 34.00 | 38.00 | OK | |
| r-release-macos-x86_64 | 1.2.0 | 8.00 | 55.00 | 63.00 | OK | |
| r-release-windows-x86_64 | 1.2.0 | 10.00 | 88.00 | 98.00 | OK | |
| r-oldrel-macos-arm64 | 1.2.0 | 4.00 | 31.00 | 35.00 | OK | |
| r-oldrel-macos-x86_64 | 1.2.0 | 6.00 | 46.00 | 52.00 | OK | |
| r-oldrel-windows-x86_64 | 1.2.0 | 14.00 | 109.00 | 123.00 | OK | 
Version: 1.2.0
Check: CRAN incoming feasibility
Result: NOTE
  Maintainer: ‘Maya B. Mathur <mmathur@stanford.edu>’
  
  No Authors@R field in DESCRIPTION.
  Please add one, modifying
    Authors@R: c(person(given = c("Maya", "B."),
                        family = "Mathur",
                        role = c("aut", "cre"),
                        email = "mmathur@stanford.edu"),
                 person(given = c("Tyler", "J."),
                        family = "VanderWeele",
                        role = "aut"))
  as necessary.
Flavors: r-devel-linux-x86_64-debian-clang, r-devel-linux-x86_64-debian-gcc