Last updated on 2025-10-31 00:51:13 CET.
| Flavor | Version | Tinstall | Tcheck | Ttotal | Status | Flags | 
|---|---|---|---|---|---|---|
| r-devel-linux-x86_64-debian-clang | 1.0.1 | 8.04 | 65.57 | 73.61 | NOTE | |
| r-devel-linux-x86_64-debian-gcc | 1.0.1 | 6.13 | 49.16 | 55.29 | NOTE | |
| r-devel-linux-x86_64-fedora-clang | 1.0.1 | 17.00 | 93.95 | 110.95 | OK | |
| r-devel-linux-x86_64-fedora-gcc | 1.0.1 | 15.00 | 91.28 | 106.28 | OK | |
| r-devel-windows-x86_64 | 1.0.1 | 9.00 | 76.00 | 85.00 | OK | |
| r-patched-linux-x86_64 | 1.0.1 | 7.98 | 62.43 | 70.41 | OK | |
| r-release-linux-x86_64 | 1.0.1 | 7.38 | 62.37 | 69.75 | OK | |
| r-release-macos-arm64 | 1.0.1 | 4.00 | 29.00 | 33.00 | OK | |
| r-release-macos-x86_64 | 1.0.1 | 6.00 | 49.00 | 55.00 | OK | |
| r-release-windows-x86_64 | 1.0.1 | 10.00 | 79.00 | 89.00 | OK | |
| r-oldrel-macos-arm64 | 1.0.1 | 3.00 | 30.00 | 33.00 | OK | |
| r-oldrel-macos-x86_64 | 1.0.1 | 5.00 | 40.00 | 45.00 | OK | |
| r-oldrel-windows-x86_64 | 1.0.1 | 12.00 | 93.00 | 105.00 | OK | 
Version: 1.0.1
Check: CRAN incoming feasibility
Result: NOTE
  Maintainer: ‘Hyungsuk Tak <hyungsuk.tak@gmail.com>’
  
  No Authors@R field in DESCRIPTION.
  Please add one, modifying
    Authors@R: c(person(given = "Hyungsuk",
                        family = "Tak",
                        role = c("aut", "cre"),
                        email = "hyungsuk.tak@gmail.com"),
                 person(given = "Kisung",
                        family = "You",
                        role = "aut"),
                 person(given = c("Sujit", "K."),
                        family = "Ghosh",
                        role = "aut"),
                 person(given = "Bingyue",
                        family = "Su",
                        role = "aut"))
  as necessary.
Flavors: r-devel-linux-x86_64-debian-clang, r-devel-linux-x86_64-debian-gcc