Last updated on 2024-07-22 01:49:32 CEST.
Flavor | Version | Tinstall | Tcheck | Ttotal | Status | Flags |
---|---|---|---|---|---|---|
r-devel-linux-x86_64-debian-clang | 0.1.2 | 201.30 | 31.38 | 232.68 | OK | |
r-devel-linux-x86_64-debian-gcc | 0.1.2 | 134.56 | 23.83 | 158.39 | OK | |
r-devel-linux-x86_64-fedora-clang | 0.1.2 | 418.91 | OK | |||
r-devel-linux-x86_64-fedora-gcc | 0.1.2 | 395.41 | OK | |||
r-devel-windows-x86_64 | 0.1.2 | 197.00 | 87.00 | 284.00 | OK | |
r-patched-linux-x86_64 | 0.1.2 | 189.09 | 29.50 | 218.59 | OK | |
r-release-linux-x86_64 | 0.1.2 | 180.30 | 29.21 | 209.51 | OK | |
r-release-macos-arm64 | 0.1.2 | 62.00 | NOTE | |||
r-release-macos-x86_64 | 0.1.2 | 70.00 | NOTE | |||
r-release-windows-x86_64 | 0.1.2 | 196.00 | 83.00 | 279.00 | OK | |
r-oldrel-macos-arm64 | 0.1.2 | 75.00 | NOTE | |||
r-oldrel-macos-x86_64 | 0.1.2 | 77.00 | NOTE | |||
r-oldrel-windows-x86_64 | 0.1.2 | 186.00 | 97.00 | 283.00 | OK |
Version: 0.1.2
Check: installed package size
Result: NOTE
installed size is 8.4Mb
sub-directories of 1Mb or more:
libs 8.3Mb
Flavors: r-release-macos-arm64, r-release-macos-x86_64, r-oldrel-macos-arm64, r-oldrel-macos-x86_64