Last updated on 2025-10-31 00:51:13 CET.
| Flavor | Version | Tinstall | Tcheck | Ttotal | Status | Flags | 
|---|---|---|---|---|---|---|
| r-devel-linux-x86_64-debian-clang | 2.9.3 | 243.98 | 186.60 | 430.58 | NOTE | |
| r-devel-linux-x86_64-debian-gcc | 2.9.3 | 154.17 | 133.50 | 287.67 | NOTE | |
| r-devel-linux-x86_64-fedora-clang | 2.9.3 | 599.00 | 255.36 | 854.36 | OK | |
| r-devel-linux-x86_64-fedora-gcc | 2.9.3 | 510.00 | 218.39 | 728.39 | OK | |
| r-devel-windows-x86_64 | 2.9.3 | 280.00 | 270.00 | 550.00 | OK | |
| r-patched-linux-x86_64 | 2.9.3 | 229.91 | 180.54 | 410.45 | OK | |
| r-release-linux-x86_64 | 2.9.3 | 232.18 | 179.20 | 411.38 | OK | |
| r-release-macos-arm64 | 2.9.3 | 77.00 | 91.00 | 168.00 | OK | |
| r-release-macos-x86_64 | 2.9.3 | 67.00 | 184.00 | 251.00 | OK | |
| r-release-windows-x86_64 | 2.9.3 | 304.00 | 244.00 | 548.00 | OK | |
| r-oldrel-macos-arm64 | 2.9.3 | 72.00 | 126.00 | 198.00 | NOTE | |
| r-oldrel-macos-x86_64 | 2.9.3 | 94.00 | 253.00 | 347.00 | NOTE | |
| r-oldrel-windows-x86_64 | 2.9.3 | 293.00 | 291.00 | 584.00 | OK | 
Version: 2.9.3
Check: CRAN incoming feasibility
Result: NOTE
  Maintainer: ‘Joseph Wood <jwood000@gmail.com>’
  
  Found the following (possibly) invalid URLs:
    URL: https://github.com/jwood000/RcppAlgos/issues/9#issue-467908452Issue%20#9
      From: NEWS.md
      Message: Invalid URL: '#' not allowed in fragment
Flavors: r-devel-linux-x86_64-debian-clang, r-devel-linux-x86_64-debian-gcc
Version: 2.9.3
Check: installed package size
Result: NOTE
    installed size is 21.1Mb
    sub-directories of 1Mb or more:
      doc    1.2Mb
      libs  18.8Mb
Flavors: r-oldrel-macos-arm64, r-oldrel-macos-x86_64