Last updated on 2025-10-31 00:51:13 CET.
| Flavor | Version | Tinstall | Tcheck | Ttotal | Status | Flags | 
|---|---|---|---|---|---|---|
| r-devel-linux-x86_64-debian-clang | 1.3-2 | 19.51 | 150.54 | 170.05 | NOTE | |
| r-devel-linux-x86_64-debian-gcc | 1.3-2 | 16.69 | 115.67 | 132.36 | NOTE | |
| r-devel-linux-x86_64-fedora-clang | 1.3-2 | 46.00 | 226.29 | 272.29 | OK | |
| r-devel-linux-x86_64-fedora-gcc | 1.3-2 | 42.00 | 215.12 | 257.12 | OK | |
| r-devel-windows-x86_64 | 1.3-2 | 27.00 | 238.00 | 265.00 | OK | |
| r-patched-linux-x86_64 | 1.3-2 | 21.72 | 147.83 | 169.55 | OK | |
| r-release-linux-x86_64 | 1.3-2 | 21.86 | 149.04 | 170.90 | OK | |
| r-release-macos-arm64 | 1.3-2 | 12.00 | 76.00 | 88.00 | OK | |
| r-release-macos-x86_64 | 1.3-2 | 19.00 | 126.00 | 145.00 | OK | |
| r-release-windows-x86_64 | 1.3-2 | 27.00 | 212.00 | 239.00 | OK | |
| r-oldrel-macos-arm64 | 1.3-2 | 12.00 | 75.00 | 87.00 | OK | |
| r-oldrel-macos-x86_64 | 1.3-2 | 16.00 | 99.00 | 115.00 | OK | |
| r-oldrel-windows-x86_64 | 1.3-2 | 30.00 | 186.00 | 216.00 | OK | 
Version: 1.3-2
Check: CRAN incoming feasibility
Result: NOTE
  Maintainer: ‘John Fox <jfox@mcmaster.ca>’
  
  No Authors@R field in DESCRIPTION.
  Please add one, modifying
    Authors@R: person(given = "John",
                      family = "Fox",
                      role = c("aut", "cre"),
                      email = "jfox@mcmaster.ca")
  as necessary.
Flavors: r-devel-linux-x86_64-debian-clang, r-devel-linux-x86_64-debian-gcc