Last updated on 2025-10-31 00:51:13 CET.
| Flavor | Version | Tinstall | Tcheck | Ttotal | Status | Flags | 
|---|---|---|---|---|---|---|
| r-devel-linux-x86_64-debian-clang | 0.3-0 | 17.79 | 137.84 | 155.63 | NOTE | |
| r-devel-linux-x86_64-debian-gcc | 0.3-0 | 13.30 | 105.16 | 118.46 | NOTE | |
| r-devel-linux-x86_64-fedora-clang | 0.3-0 | 44.00 | 204.66 | 248.66 | OK | |
| r-devel-linux-x86_64-fedora-gcc | 0.3-0 | 41.00 | 196.01 | 237.01 | OK | |
| r-devel-windows-x86_64 | 0.3-0 | 25.00 | 229.00 | 254.00 | OK | |
| r-patched-linux-x86_64 | 0.3-0 | 19.93 | 138.17 | 158.10 | OK | |
| r-release-linux-x86_64 | 0.3-0 | 19.12 | 138.79 | 157.91 | OK | |
| r-release-macos-arm64 | 0.3-0 | 12.00 | 79.00 | 91.00 | OK | |
| r-release-macos-x86_64 | 0.3-0 | 18.00 | 124.00 | 142.00 | OK | |
| r-release-windows-x86_64 | 0.3-0 | 25.00 | 220.00 | 245.00 | OK | |
| r-oldrel-macos-arm64 | 0.3-0 | 12.00 | 78.00 | 90.00 | OK | |
| r-oldrel-macos-x86_64 | 0.3-0 | 15.00 | 98.00 | 113.00 | OK | |
| r-oldrel-windows-x86_64 | 0.3-0 | 23.00 | 173.00 | 196.00 | OK | 
Version: 0.3-0
Check: CRAN incoming feasibility
Result: NOTE
  Maintainer: ‘Liviu Andronic <landronimirc@gmail.com>’
  
  No Authors@R field in DESCRIPTION.
  Please add one, modifying
    Authors@R: person(given = "Liviu",
                      family = "Andronic",
                      role = c("aut", "cre"),
                      email = "landronimirc@gmail.com")
  as necessary.
Flavors: r-devel-linux-x86_64-debian-clang, r-devel-linux-x86_64-debian-gcc