Last updated on 2025-10-31 00:51:13 CET.
| Flavor | Version | Tinstall | Tcheck | Ttotal | Status | Flags | 
|---|---|---|---|---|---|---|
| r-devel-linux-x86_64-debian-clang | 0.0-2 | 21.62 | 153.51 | 175.13 | NOTE | |
| r-devel-linux-x86_64-debian-gcc | 0.0-2 | 17.33 | 113.29 | 130.62 | NOTE | |
| r-devel-linux-x86_64-fedora-clang | 0.0-2 | 56.00 | 224.02 | 280.02 | NOTE | |
| r-devel-linux-x86_64-fedora-gcc | 0.0-2 | 41.00 | 220.77 | 261.77 | NOTE | |
| r-devel-windows-x86_64 | 0.0-2 | 38.00 | 264.00 | 302.00 | NOTE | |
| r-patched-linux-x86_64 | 0.0-2 | 22.91 | 147.78 | 170.69 | NOTE | |
| r-release-linux-x86_64 | 0.0-2 | 23.07 | 146.49 | 169.56 | NOTE | |
| r-release-macos-arm64 | 0.0-2 | 14.00 | 71.00 | 85.00 | NOTE | |
| r-release-macos-x86_64 | 0.0-2 | 20.00 | 122.00 | 142.00 | NOTE | |
| r-release-windows-x86_64 | 0.0-2 | 22.00 | 150.00 | 172.00 | NOTE | |
| r-oldrel-macos-arm64 | 0.0-2 | 15.00 | 72.00 | 87.00 | NOTE | |
| r-oldrel-macos-x86_64 | 0.0-2 | 16.00 | 97.00 | 113.00 | NOTE | |
| r-oldrel-windows-x86_64 | 0.0-2 | 32.00 | 201.00 | 233.00 | NOTE | 
Version: 0.0-2
Check: CRAN incoming feasibility
Result: NOTE
  Maintainer: ‘A. C. Del Re <acdelre@gmail.com>’
  
  No Authors@R field in DESCRIPTION.
  Please add one, modifying
    Authors@R: person(given = c("A.", "C.", "Del"),
                      family = "Re",
                      role = c("aut", "cre"),
                      email = "acdelre@gmail.com")
  as necessary.
  
  Package CITATION file contains call(s) to old-style personList() or
  as.personList().  Please use c() on person objects instead.
  Package CITATION file contains call(s) to old-style citEntry().  Please
  use bibentry() instead.
Flavors: r-devel-linux-x86_64-debian-clang, r-devel-linux-x86_64-debian-gcc
Version: 0.0-2
Check: Rd files
Result: NOTE
  checkRd: (-1) RcmdrPlugin.MA-package.Rd:21: Escaped LaTeX specials: \&
  checkRd: (-1) RcmdrPlugin.MA-package.Rd:23: Escaped LaTeX specials: \&
Flavors: r-devel-linux-x86_64-debian-clang, r-devel-linux-x86_64-debian-gcc, r-devel-linux-x86_64-fedora-clang, r-devel-linux-x86_64-fedora-gcc, r-devel-windows-x86_64, r-patched-linux-x86_64, r-release-linux-x86_64, r-release-macos-arm64, r-release-macos-x86_64, r-release-windows-x86_64, r-oldrel-macos-arm64, r-oldrel-macos-x86_64, r-oldrel-windows-x86_64