Last updated on 2025-10-31 00:51:15 CET.
| Flavor | Version | Tinstall | Tcheck | Ttotal | Status | Flags | 
|---|---|---|---|---|---|---|
| r-devel-linux-x86_64-debian-clang | 1.0.0 | 2.23 | 30.02 | 32.25 | NOTE | |
| r-devel-linux-x86_64-debian-gcc | 1.0.0 | 1.90 | 22.89 | 24.79 | NOTE | |
| r-devel-linux-x86_64-fedora-clang | 1.0.0 | 49.44 | OK | |||
| r-devel-linux-x86_64-fedora-gcc | 1.0.0 | 46.65 | OK | |||
| r-devel-windows-x86_64 | 1.0.0 | 5.00 | 46.00 | 51.00 | OK | |
| r-patched-linux-x86_64 | 1.0.0 | 2.90 | 28.46 | 31.36 | OK | |
| r-release-linux-x86_64 | 1.0.0 | 2.57 | 28.40 | 30.97 | OK | |
| r-release-macos-arm64 | 1.0.0 | 1.00 | 22.00 | 23.00 | OK | |
| r-release-macos-x86_64 | 1.0.0 | 2.00 | 34.00 | 36.00 | OK | |
| r-release-windows-x86_64 | 1.0.0 | 5.00 | 48.00 | 53.00 | OK | |
| r-oldrel-macos-arm64 | 1.0.0 | 2.00 | 17.00 | 19.00 | OK | |
| r-oldrel-macos-x86_64 | 1.0.0 | 4.00 | 44.00 | 48.00 | OK | |
| r-oldrel-windows-x86_64 | 1.0.0 | 6.00 | 56.00 | 62.00 | OK | 
Version: 1.0.0
Check: CRAN incoming feasibility
Result: NOTE
  Maintainer: ‘Mafalda Sá Ferreira <msm.ferreira@campus.fct.unl.pt>’
  
  The Description field contains
    <arXiv:2112.07508v3> and Oliveira et al. (2021) <arXiv:2102.05373v2>.
  Please refer to arXiv e-prints via their arXiv DOI <doi:10.48550/arXiv.YYMM.NNNNN>.
Flavors: r-devel-linux-x86_64-debian-clang, r-devel-linux-x86_64-debian-gcc