Last updated on 2024-07-22 01:49:34 CEST.
Flavor | Version | Tinstall | Tcheck | Ttotal | Status | Flags |
---|---|---|---|---|---|---|
r-devel-linux-x86_64-debian-clang | 2.0.4 | 8.77 | 70.20 | 78.97 | OK | |
r-devel-linux-x86_64-debian-gcc | 2.0.4 | 7.19 | 52.61 | 59.80 | NOTE | |
r-devel-linux-x86_64-fedora-clang | 2.0.4 | 97.96 | OK | |||
r-devel-linux-x86_64-fedora-gcc | 2.0.4 | 100.98 | OK | |||
r-devel-windows-x86_64 | 2.0.4 | 11.00 | 75.00 | 86.00 | NOTE | |
r-patched-linux-x86_64 | 2.0.4 | 7.73 | 66.48 | 74.21 | OK | |
r-release-linux-x86_64 | 2.0.4 | 8.16 | 66.55 | 74.71 | OK | |
r-release-macos-arm64 | 2.0.4 | 31.00 | OK | |||
r-release-macos-x86_64 | 2.0.4 | 62.00 | OK | |||
r-release-windows-x86_64 | 2.0.4 | 10.00 | 74.00 | 84.00 | OK | |
r-oldrel-macos-arm64 | 2.0.4 | 34.00 | OK | |||
r-oldrel-macos-x86_64 | 2.0.4 | 63.00 | OK | |||
r-oldrel-windows-x86_64 | 2.0.4 | 13.00 | 87.00 | 100.00 | OK |
Version: 2.0.4
Check: Rd cross-references
Result: NOTE
Found the following Rd file(s) with Rd \link{} targets missing package
anchors:
rmad.Rd: Matrix
rsc.Rd: Matrix
Please provide package anchors for all Rd \link{} targets not in the
package itself and the base packages.
Flavors: r-devel-linux-x86_64-debian-gcc, r-devel-windows-x86_64