Last updated on 2025-11-01 00:50:10 CET.
| Flavor | Version | Tinstall | Tcheck | Ttotal | Status | Flags |
|---|---|---|---|---|---|---|
| r-devel-linux-x86_64-debian-clang | 1.5-1 | 5.26 | 39.67 | 44.93 | OK | --install=fake --no-examples --no-tests --no-vignettes |
| r-devel-linux-x86_64-debian-gcc | 1.5-1 | 4.10 | 30.13 | 34.23 | OK | --install=fake --no-examples --no-tests --no-vignettes |
| r-patched-linux-x86_64 | 1.5-1 | 4.63 | 37.68 | 42.31 | OK | --install=fake --no-examples --no-tests --no-vignettes |
| r-release-linux-x86_64 | 1.3-1.1 | 4.18 | 33.73 | 37.91 | NOTE | --install=fake --no-examples --no-tests --no-vignettes |
| r-release-macos-arm64 | 1.5-1 | 13.00 | 20.00 | 33.00 | OK | |
| r-release-macos-x86_64 | 1.5-1 | 31.00 | 78.00 | 109.00 | OK | |
| r-oldrel-macos-arm64 | 1.5-1 | 15.00 | 26.00 | 41.00 | OK | |
| r-oldrel-macos-x86_64 | 1.5-1 | 22.00 | 84.00 | 106.00 | OK | |
| r-oldrel-windows-x86_64 | 1.3-1.1 | 9.00 | 5.00 | 14.00 | ERROR |
Version: 1.3-1.1
Flags: --install=fake --no-examples --no-tests --no-vignettes
Check: Rd files
Result: NOTE
checkRd: (-1) dbGetInfo-methods.Rd:54: Escaped LaTeX specials: \$
checkRd: (-1) dbGetInfo-methods.Rd:55: Escaped LaTeX specials: \$
checkRd: (-1) dbGetInfo-methods.Rd:56: Escaped LaTeX specials: \$
checkRd: (-1) dbGetInfo-methods.Rd:57: Escaped LaTeX specials: \$
checkRd: (-1) dbGetInfo-methods.Rd:58: Escaped LaTeX specials: \$
checkRd: (-1) dbGetInfo-methods.Rd:59: Escaped LaTeX specials: \$
checkRd: (-1) dbGetInfo-methods.Rd:60: Escaped LaTeX specials: \$
checkRd: (-1) dbGetInfo-methods.Rd:62: Escaped LaTeX specials: \$
checkRd: (-1) dbGetInfo-methods.Rd:64: Escaped LaTeX specials: \$
checkRd: (-1) dbGetInfo-methods.Rd:70: Escaped LaTeX specials: \$
checkRd: (-1) dbGetInfo-methods.Rd:71: Escaped LaTeX specials: \$
checkRd: (-1) dbGetInfo-methods.Rd:72: Escaped LaTeX specials: \$
checkRd: (-1) dbGetInfo-methods.Rd:73: Escaped LaTeX specials: \$
checkRd: (-1) dbGetInfo-methods.Rd:74: Escaped LaTeX specials: \$
checkRd: (-1) dbGetInfo-methods.Rd:75: Escaped LaTeX specials: \$
checkRd: (-1) dbGetInfo-methods.Rd:76: Escaped LaTeX specials: \$
checkRd: (-1) dbGetInfo-methods.Rd:77: Escaped LaTeX specials: \$
checkRd: (-1) dbGetInfo-methods.Rd:78: Escaped LaTeX specials: \$
checkRd: (-1) dbGetInfo-methods.Rd:79: Escaped LaTeX specials: \$
checkRd: (-1) dbGetInfo-methods.Rd:80: Escaped LaTeX specials: \$
checkRd: (-1) dbGetInfo-methods.Rd:86: Escaped LaTeX specials: \$
checkRd: (-1) dbGetInfo-methods.Rd:87: Escaped LaTeX specials: \$
checkRd: (-1) dbGetInfo-methods.Rd:88: Escaped LaTeX specials: \$
checkRd: (-1) dbGetInfo-methods.Rd:89: Escaped LaTeX specials: \$
checkRd: (-1) dbGetInfo-methods.Rd:90: Escaped LaTeX specials: \$
checkRd: (-1) dbGetInfo-methods.Rd:91: Escaped LaTeX specials: \$
checkRd: (-1) dbGetInfo-methods.Rd:92: Escaped LaTeX specials: \$
checkRd: (-1) dbGetInfo-methods.Rd:93: Escaped LaTeX specials: \$
checkRd: (-1) dbGetInfo-methods.Rd:94: Escaped LaTeX specials: \$
checkRd: (-1) dbGetInfo-methods.Rd:100: Escaped LaTeX specials: \$
checkRd: (-1) dbGetInfo-methods.Rd:101: Escaped LaTeX specials: \$
checkRd: (-1) dbGetInfo-methods.Rd:103: Escaped LaTeX specials: \$
checkRd: (-1) dbGetInfo-methods.Rd:104: Escaped LaTeX specials: \$
checkRd: (-1) dbGetInfo-methods.Rd:106: Escaped LaTeX specials: \$
checkRd: (-1) dbGetInfo-methods.Rd:107: Escaped LaTeX specials: \$
checkRd: (-1) dbGetInfo-methods.Rd:108: Escaped LaTeX specials: \$
Flavor: r-release-linux-x86_64
Version: 1.3-1.1
Check: whether package can be installed
Result: ERROR
Installation failed.
Flavor: r-oldrel-windows-x86_64