Last updated on 2025-10-31 00:51:14 CET.
| Flavor | Version | Tinstall | Tcheck | Ttotal | Status | Flags | 
|---|---|---|---|---|---|---|
| r-devel-linux-x86_64-debian-clang | 1.0.0 | 2.57 | 27.52 | 30.09 | NOTE | |
| r-devel-linux-x86_64-debian-gcc | 1.0.0 | 1.84 | 22.46 | 24.30 | NOTE | |
| r-devel-linux-x86_64-fedora-clang | 1.0.0 | 44.93 | NOTE | |||
| r-devel-linux-x86_64-fedora-gcc | 1.0.0 | 41.88 | NOTE | |||
| r-devel-windows-x86_64 | 1.0.0 | 4.00 | 44.00 | 48.00 | NOTE | |
| r-patched-linux-x86_64 | 1.0.0 | 2.36 | 25.39 | 27.75 | NOTE | |
| r-release-linux-x86_64 | 1.0.0 | 2.52 | 25.61 | 28.13 | NOTE | |
| r-release-macos-arm64 | 1.0.0 | 2.00 | 21.00 | 23.00 | NOTE | |
| r-release-macos-x86_64 | 1.0.0 | 2.00 | 27.00 | 29.00 | NOTE | |
| r-release-windows-x86_64 | 1.0.0 | 4.00 | 45.00 | 49.00 | NOTE | |
| r-oldrel-macos-arm64 | 1.0.0 | 1.00 | 16.00 | 17.00 | NOTE | |
| r-oldrel-macos-x86_64 | 1.0.0 | 2.00 | 22.00 | 24.00 | NOTE | |
| r-oldrel-windows-x86_64 | 1.0.0 | 5.00 | 51.00 | 56.00 | NOTE | 
Version: 1.0.0
Check: package subdirectories
Result: NOTE
  Problems with news in ‘NEWS.md’:
  No news entries found.
Flavors: r-devel-linux-x86_64-debian-clang, r-devel-linux-x86_64-debian-gcc, r-devel-linux-x86_64-fedora-clang, r-devel-linux-x86_64-fedora-gcc, r-devel-windows-x86_64, r-patched-linux-x86_64, r-release-linux-x86_64, r-release-macos-arm64, r-release-macos-x86_64, r-release-windows-x86_64, r-oldrel-macos-arm64, r-oldrel-macos-x86_64, r-oldrel-windows-x86_64