Last updated on 2024-05-23 01:58:07 CEST.
Flavor | Version | Tinstall | Tcheck | Ttotal | Status | Flags |
---|---|---|---|---|---|---|
r-devel-linux-x86_64-debian-clang | 2.8.1 | 607.41 | 60.64 | 668.05 | OK | |
r-devel-linux-x86_64-debian-gcc | 2.8.1 | 435.04 | 55.93 | 490.97 | OK | |
r-devel-linux-x86_64-fedora-clang | 2.8.1 | 958.00 | NOTE | |||
r-devel-linux-x86_64-fedora-gcc | 2.8.1 | 1068.70 | OK | |||
r-devel-windows-x86_64 | 2.8.1 | 457.00 | 105.00 | 562.00 | NOTE | |
r-patched-linux-x86_64 | 2.8.1 | 605.06 | 70.40 | 675.46 | OK | |
r-release-linux-x86_64 | 2.8.1 | 626.40 | 73.15 | 699.55 | OK | |
r-release-macos-arm64 | 2.8.1 | 158.00 | NOTE | |||
r-release-windows-x86_64 | 2.8.1 | 442.00 | 104.00 | 546.00 | NOTE | |
r-oldrel-macos-arm64 | 2.8.1 | 146.00 | NOTE | |||
r-oldrel-macos-x86_64 | 2.8.1 | 201.00 | NOTE | |||
r-oldrel-windows-x86_64 | 2.8.1 | 594.00 | 116.00 | 710.00 | NOTE |
Version: 2.8.1
Check: installed package size
Result: NOTE
installed size is 5.5Mb
sub-directories of 1Mb or more:
extdata 2.0Mb
libs 3.3Mb
Flavors: r-devel-linux-x86_64-fedora-clang, r-devel-windows-x86_64, r-release-macos-arm64, r-release-windows-x86_64, r-oldrel-macos-arm64, r-oldrel-macos-x86_64, r-oldrel-windows-x86_64