CRAN Package Check Results for Package RLogicalOps

Last updated on 2025-02-22 00:49:57 CET.

Flavor Version Tinstall Tcheck Ttotal Status Flags
r-devel-linux-x86_64-debian-clang 0.1 1.66 16.29 17.95 OK
r-devel-linux-x86_64-debian-gcc 0.1 1.20 13.31 14.51 OK
r-devel-linux-x86_64-fedora-clang 0.1 29.81 OK
r-devel-linux-x86_64-fedora-gcc 0.1 27.81 OK
r-devel-macos-arm64 0.1 15.00 OK
r-devel-macos-x86_64 0.1 23.00 OK
r-devel-windows-x86_64 0.1 3.00 42.00 45.00 OK
r-patched-linux-x86_64 0.1 1.63 15.71 17.34 NOTE
r-release-linux-x86_64 0.1 1.57 15.68 17.25 NOTE
r-release-macos-arm64 0.1 13.00 NOTE
r-release-macos-x86_64 0.1 20.00 NOTE
r-release-windows-x86_64 0.1 3.00 38.00 41.00 NOTE
r-oldrel-macos-arm64 0.1 15.00 NOTE
r-oldrel-macos-x86_64 0.1 18.00 NOTE
r-oldrel-windows-x86_64 0.1 3.00 43.00 46.00 NOTE

Check Details

Version: 0.1
Check: LazyData
Result: NOTE 'LazyData' is specified without a 'data' directory Flavors: r-patched-linux-x86_64, r-release-linux-x86_64, r-release-macos-arm64, r-release-macos-x86_64, r-release-windows-x86_64, r-oldrel-macos-arm64, r-oldrel-macos-x86_64, r-oldrel-windows-x86_64