Last updated on 2024-05-23 01:58:07 CEST.
Flavor | Version | Tinstall | Tcheck | Ttotal | Status | Flags |
---|---|---|---|---|---|---|
r-devel-linux-x86_64-debian-clang | 0.2.6 | 12.21 | 102.10 | 114.31 | OK | |
r-devel-linux-x86_64-debian-gcc | 0.2.6 | 10.49 | 72.65 | 83.14 | OK | |
r-devel-linux-x86_64-fedora-clang | 0.2.6 | 141.74 | NOTE | |||
r-devel-linux-x86_64-fedora-gcc | 0.2.6 | 133.90 | OK | |||
r-devel-windows-x86_64 | 0.2.6 | 11.00 | 89.00 | 100.00 | NOTE | |
r-patched-linux-x86_64 | 0.2.6 | 12.22 | 97.35 | 109.57 | OK | |
r-release-linux-x86_64 | 0.2.6 | 10.97 | 95.33 | 106.30 | OK | |
r-release-macos-arm64 | 0.2.6 | 36.00 | NOTE | |||
r-release-macos-x86_64 | 0.2.6 | 108.00 | NOTE | |||
r-release-windows-x86_64 | 0.2.6 | 10.00 | 91.00 | 101.00 | NOTE | |
r-oldrel-macos-arm64 | 0.2.6 | 50.00 | NOTE | |||
r-oldrel-macos-x86_64 | 0.2.6 | 107.00 | NOTE | |||
r-oldrel-windows-x86_64 | 0.2.6 | 11.00 | 106.00 | 117.00 | NOTE |
Version: 0.2.6
Check: installed package size
Result: NOTE
installed size is 5.1Mb
sub-directories of 1Mb or more:
java 4.2Mb
Flavors: r-devel-linux-x86_64-fedora-clang, r-devel-windows-x86_64, r-release-macos-arm64, r-release-macos-x86_64, r-release-windows-x86_64, r-oldrel-macos-arm64, r-oldrel-macos-x86_64, r-oldrel-windows-x86_64